Last updated on 2025-11-23 05:50:16 CET.
| Flavor | Version | Tinstall | Tcheck | Ttotal | Status | Flags |
|---|---|---|---|---|---|---|
| r-devel-linux-x86_64-debian-clang | 1.0.0 | 12.58 | 539.17 | 551.75 | OK | |
| r-devel-linux-x86_64-debian-gcc | 1.0.0 | 9.43 | 319.48 | 328.91 | OK | |
| r-devel-linux-x86_64-fedora-clang | 1.0.0 | 30.00 | 902.10 | 932.10 | OK | |
| r-devel-linux-x86_64-fedora-gcc | 1.0.0 | 25.00 | 877.05 | 902.05 | OK | |
| r-devel-windows-x86_64 | 1.0.0 | 16.00 | 459.00 | 475.00 | OK | |
| r-patched-linux-x86_64 | 1.0.0 | 13.10 | 515.47 | 528.57 | OK | |
| r-release-linux-x86_64 | 1.0.0 | 13.55 | 445.89 | 459.44 | ERROR | |
| r-release-macos-arm64 | 1.0.0 | OK | ||||
| r-release-macos-x86_64 | 1.0.0 | 11.00 | 505.00 | 516.00 | OK | |
| r-release-windows-x86_64 | 1.0.0 | 15.00 | 457.00 | 472.00 | OK | |
| r-oldrel-macos-arm64 | 1.0.0 | OK | ||||
| r-oldrel-macos-x86_64 | 1.0.0 | 12.00 | 268.00 | 280.00 | OK | |
| r-oldrel-windows-x86_64 | 1.0.0 | 19.00 | 650.00 | 669.00 | OK |
Version: 1.0.0
Check: re-building of vignette outputs
Result: ERROR
Error(s) in re-building vignettes:
...
--- re-building ‘aggregate-pvalue-sim.Rmd’ using rmarkdown
Quitting from aggregate-pvalue-sim.Rmd:32-38 [pvalgen]
~~~~~~~~~~~~~~~~~~~~~~~~~~~~~~~~~~~~~~~~~~~~~~~~~~~~~~~~~~~~~~~~~~~~~~~~~~~~~~~~
<error/rlang_error>
Error in `solve.default()`:
! system is computationally singular: reciprocal condition number = 4.70667e-17
---
Backtrace:
▆
1. └─ezECM::pval_gen(...)
2. ├─base::solve(t(fault.X) %*% fault.X)
3. └─base::solve.default(t(fault.X) %*% fault.X)
~~~~~~~~~~~~~~~~~~~~~~~~~~~~~~~~~~~~~~~~~~~~~~~~~~~~~~~~~~~~~~~~~~~~~~~~~~~~~~~~
Error: processing vignette 'aggregate-pvalue-sim.Rmd' failed with diagnostics:
system is computationally singular: reciprocal condition number = 4.70667e-17
--- failed re-building ‘aggregate-pvalue-sim.Rmd’
--- re-building ‘syn-data-code.Rmd’ using rmarkdown
[WARNING] Deprecated: --highlight-style. Use --syntax-highlighting instead.
--- finished re-building ‘syn-data-code.Rmd’
SUMMARY: processing the following file failed:
‘aggregate-pvalue-sim.Rmd’
Error: Vignette re-building failed.
Execution halted
Flavor: r-release-linux-x86_64