Last updated on 2024-04-24 07:15:02 CEST.
Flavor | Version | Tinstall | Tcheck | Ttotal | Status | Flags |
---|---|---|---|---|---|---|
r-devel-linux-x86_64-debian-clang | 1.3.0 | 27.36 | 56.63 | 83.99 | OK | |
r-devel-linux-x86_64-debian-gcc | 1.3.0 | 19.31 | 40.93 | 60.24 | OK | |
r-devel-linux-x86_64-fedora-clang | 1.3.0 | 109.17 | OK | |||
r-devel-linux-x86_64-fedora-gcc | 1.3.0 | 115.54 | OK | |||
r-prerel-macos-arm64 | 1.3.0 | 11.00 | ERROR | |||
r-prerel-windows-x86_64 | 1.3.0 | 18.00 | 77.00 | 95.00 | OK | |
r-patched-linux-x86_64 | 1.3.0 | 21.60 | 52.93 | 74.53 | OK | |
r-release-linux-x86_64 | 1.3.0 | 21.27 | 52.51 | 73.78 | OK | |
r-release-macos-arm64 | 1.3.0 | 42.00 | OK | |||
r-release-macos-x86_64 | 1.3.0 | 115.00 | OK | |||
r-release-windows-x86_64 | 1.3.0 | 24.00 | 92.00 | 116.00 | OK | |
r-oldrel-macos-arm64 | 1.3.0 | 37.00 | OK | |||
r-oldrel-windows-x86_64 | 1.3.0 | 23.00 | 89.00 | 112.00 | OK |
Version: 1.3.0
Check: whether package can be installed
Result: ERROR
Installation failed.
Flavor: r-prerel-macos-arm64