Last updated on 2024-03-28 17:49:27 CET.
Flavor | Version | Tinstall | Tcheck | Ttotal | Status | Flags |
---|---|---|---|---|---|---|
r-devel-linux-x86_64-debian-clang | 1.0.7 | 7.82 | 118.88 | 126.70 | NOTE | |
r-devel-linux-x86_64-debian-gcc | 1.0.7 | 10.16 | 89.05 | 99.21 | NOTE | |
r-devel-linux-x86_64-fedora-clang | 1.0.7 | 161.76 | NOTE | |||
r-devel-linux-x86_64-fedora-gcc | 1.0.7 | 154.82 | NOTE | |||
r-devel-windows-x86_64 | 1.0.7 | 10.00 | 107.00 | 117.00 | NOTE | |
r-patched-linux-x86_64 | 1.0.7 | 9.80 | 113.71 | 123.51 | NOTE | |
r-release-linux-x86_64 | 1.0.7 | 8.76 | 117.29 | 126.05 | OK | |
r-release-macos-arm64 | 1.0.7 | 50.00 | OK | |||
r-release-macos-x86_64 | 1.0.7 | 73.00 | OK | |||
r-release-windows-x86_64 | 1.0.7 | 14.00 | 133.00 | 147.00 | OK | |
r-oldrel-macos-arm64 | 1.0.7 | 42.00 | OK | |||
r-oldrel-windows-x86_64 | 1.0.7 | 15.00 | 125.00 | 140.00 | OK |
Version: 1.0.7
Check: Rd files
Result: NOTE
checkRd: (-1) fviz_nbclust.Rd:75: Lost braces; missing escapes or markup?
75 | (2001) proposed: "the smallest k such that gap(k) >= gap(k+1) - s_{k+1}".
| ^
checkRd: (-1) fviz_nbclust.Rd:77: Lost braces; missing escapes or markup?
77 | SE.factor*s_{k+1}" where SE.factor is a numeric value which can be 1
| ^
Flavors: r-devel-linux-x86_64-debian-clang, r-devel-linux-x86_64-debian-gcc, r-devel-linux-x86_64-fedora-clang, r-devel-linux-x86_64-fedora-gcc, r-devel-windows-x86_64, r-patched-linux-x86_64