CRAN Package Check Results for Package factory

Last updated on 2025-11-23 05:50:16 CET.

Flavor Version Tinstall Tcheck Ttotal Status Flags
r-devel-linux-x86_64-debian-clang 0.1.0 2.19 32.35 34.54 OK
r-devel-linux-x86_64-debian-gcc 0.1.0 1.49 26.16 27.65 OK
r-devel-linux-x86_64-fedora-clang 0.1.0 51.46 OK
r-devel-linux-x86_64-fedora-gcc 0.1.0 64.00 OK
r-devel-windows-x86_64 0.1.0 6.00 48.00 54.00 OK
r-patched-linux-x86_64 0.1.0 1.76 30.04 31.80 OK
r-release-linux-x86_64 0.1.0 2.22 29.31 31.53 OK
r-release-macos-arm64 0.1.0 OK
r-release-macos-x86_64 0.1.0 2.00 49.00 51.00 OK
r-release-windows-x86_64 0.1.0 4.00 50.00 54.00 OK
r-oldrel-macos-arm64 0.1.0 NOTE
r-oldrel-macos-x86_64 0.1.0 2.00 34.00 36.00 NOTE
r-oldrel-windows-x86_64 0.1.0 5.00 57.00 62.00 NOTE

Check Details

Version: 0.1.0
Check: LazyData
Result: NOTE 'LazyData' is specified without a 'data' directory Flavors: r-oldrel-macos-arm64, r-oldrel-macos-x86_64, r-oldrel-windows-x86_64