Last updated on 2025-05-18 06:49:13 CEST.
Flavor | Version | Tinstall | Tcheck | Ttotal | Status | Flags |
---|---|---|---|---|---|---|
r-devel-linux-x86_64-debian-clang | 1.0 | 2.54 | 20.18 | 22.72 | NOTE | |
r-devel-linux-x86_64-debian-gcc | 1.0 | 1.97 | 16.69 | 18.66 | NOTE | |
r-devel-linux-x86_64-fedora-clang | 1.0 | 36.13 | OK | |||
r-devel-linux-x86_64-fedora-gcc | 1.0 | 33.72 | OK | |||
r-devel-windows-x86_64 | 1.0 | 4.00 | 42.00 | 46.00 | OK | |
r-patched-linux-x86_64 | 1.0 | 2.74 | 19.71 | 22.45 | OK | |
r-release-linux-x86_64 | 1.0 | 2.32 | 19.44 | 21.76 | OK | |
r-release-macos-arm64 | 1.0 | 18.00 | OK | |||
r-release-macos-x86_64 | 1.0 | 25.00 | OK | |||
r-release-windows-x86_64 | 1.0 | 4.00 | 48.00 | 52.00 | OK | |
r-oldrel-macos-arm64 | 1.0 | 17.00 | OK | |||
r-oldrel-macos-x86_64 | 1.0 | 22.00 | OK | |||
r-oldrel-windows-x86_64 | 1.0 | 5.00 | 46.00 | 51.00 | OK |
Version: 1.0
Check: CRAN incoming feasibility
Result: NOTE
Maintainer: ‘Georg Hahn <ghahn@hsph.harvard.edu>’
No Authors@R field in DESCRIPTION.
Please add one, modifying
Authors@R: person(given = "Georg",
family = "Hahn",
role = c("aut", "cre"),
email = "ghahn@hsph.harvard.edu")
as necessary.
Flavors: r-devel-linux-x86_64-debian-clang, r-devel-linux-x86_64-debian-gcc