Last updated on 2025-11-23 05:50:16 CET.
| Flavor | Version | Tinstall | Tcheck | Ttotal | Status | Flags |
|---|---|---|---|---|---|---|
| r-devel-linux-x86_64-debian-clang | 0.0.0.10 | 21.17 | 66.61 | 87.78 | OK | |
| r-devel-linux-x86_64-debian-gcc | 0.0.0.10 | 15.58 | 51.09 | 66.67 | OK | |
| r-devel-linux-x86_64-fedora-clang | 0.0.0.11 | 30.00 | 118.55 | 148.55 | OK | |
| r-devel-linux-x86_64-fedora-gcc | 0.0.0.10 | 48.00 | 113.78 | 161.78 | OK | |
| r-devel-windows-x86_64 | 0.0.0.10 | 37.00 | 113.00 | 150.00 | OK | |
| r-patched-linux-x86_64 | 0.0.0.10 | 22.23 | 67.08 | 89.31 | OK | |
| r-release-linux-x86_64 | 0.0.0.10 | 21.84 | 67.40 | 89.24 | OK | |
| r-release-macos-arm64 | 0.0.0.11 | 3.00 | 23.00 | 26.00 | OK | |
| r-release-macos-x86_64 | 0.0.0.11 | 32.00 | 169.00 | 201.00 | OK | |
| r-release-windows-x86_64 | 0.0.0.10 | 29.00 | 107.00 | 136.00 | OK | |
| r-oldrel-macos-arm64 | 0.0.0.11 | 1.00 | 9.00 | 10.00 | ERROR | |
| r-oldrel-macos-x86_64 | 0.0.0.11 | 35.00 | 168.00 | 203.00 | OK | |
| r-oldrel-windows-x86_64 | 0.0.0.10 | 30.00 | 126.00 | 156.00 | OK |
Version: 0.0.0.11
Check: whether package can be installed
Result: ERROR
Installation failed.
Flavor: r-oldrel-macos-arm64