Last updated on 2024-07-03 18:57:36 CEST.
Flavor | Version | Tinstall | Tcheck | Ttotal | Status | Flags |
---|---|---|---|---|---|---|
r-devel-linux-x86_64-debian-clang | 0.5.9 | 366.90 | 231.08 | 597.98 | NOTE | |
r-devel-linux-x86_64-debian-gcc | 0.5.9 | 258.88 | 182.73 | 441.61 | NOTE | |
r-devel-linux-x86_64-fedora-clang | 0.6.0 | 849.16 | OK | |||
r-devel-linux-x86_64-fedora-gcc | 0.6.0 | 910.94 | OK | |||
r-devel-windows-x86_64 | 0.5.9 | 248.00 | 205.00 | 453.00 | NOTE | |
r-patched-linux-x86_64 | 0.5.9 | 265.25 | 239.18 | 504.43 | NOTE | |
r-release-linux-x86_64 | 0.5.9 | 236.00 | 236.85 | 472.85 | NOTE | |
r-release-macos-arm64 | 0.5.9 | 181.00 | NOTE | |||
r-release-macos-x86_64 | 0.6.0 | 302.00 | NOTE | |||
r-release-windows-x86_64 | 0.5.9 | 246.00 | 203.00 | 449.00 | NOTE | |
r-oldrel-macos-arm64 | 0.5.9 | 192.00 | NOTE | |||
r-oldrel-macos-x86_64 | 0.6.0 | 289.00 | NOTE | |||
r-oldrel-windows-x86_64 | 0.5.9 | 312.00 | 254.00 | 566.00 | OK |
Version: 0.5.9
Check: Rd files
Result: NOTE
checkRd: (-1) MakeGPFunctionalData.Rd:33: Lost braces; missing escapes or markup?
33 | Y: X(t_{j}), Yn: noisy observations
| ^
checkRd: (-1) NormCurvToArea.Rd:20: Lost braces
20 | Normalise a curve such that \\int{yNew}dx = area (according to trapezoid integration)
| ^
checkRd: (-1) NormCurvToArea.Rd:17: Lost braces
17 | yNew values of curve at times x such that [\\int{yNew}dx = area]
| ^
Flavors: r-devel-linux-x86_64-debian-clang, r-devel-linux-x86_64-debian-gcc, r-devel-windows-x86_64, r-patched-linux-x86_64, r-release-linux-x86_64, r-release-macos-arm64, r-release-windows-x86_64
Version: 0.5.9
Check: installed package size
Result: NOTE
installed size is 40.2Mb
sub-directories of 1Mb or more:
libs 38.5Mb
Flavors: r-release-macos-arm64, r-oldrel-macos-arm64
Version: 0.6.0
Check: installed package size
Result: NOTE
installed size is 41.0Mb
sub-directories of 1Mb or more:
libs 39.2Mb
Flavors: r-release-macos-x86_64, r-oldrel-macos-x86_64