Last updated on 2025-04-16 18:50:04 CEST.
Flavor | Version | Tinstall | Tcheck | Ttotal | Status | Flags |
---|---|---|---|---|---|---|
r-devel-linux-x86_64-debian-clang | 2.1.1 | 9.15 | 108.53 | 117.68 | NOTE | |
r-devel-linux-x86_64-debian-gcc | 2.1.1 | 7.74 | 79.24 | 86.98 | NOTE | |
r-devel-linux-x86_64-fedora-clang | 2.1.1 | 192.65 | NOTE | |||
r-devel-linux-x86_64-fedora-gcc | 2.1.1 | 183.83 | NOTE | |||
r-devel-windows-x86_64 | 2.1.1 | 13.00 | 140.00 | 153.00 | NOTE | |
r-patched-linux-x86_64 | 2.1.1 | 11.65 | 105.03 | 116.68 | NOTE | |
r-release-linux-x86_64 | 2.1.1 | 11.14 | 105.73 | 116.87 | NOTE | |
r-release-macos-arm64 | 2.1.1 | 52.00 | NOTE | |||
r-release-macos-x86_64 | 2.1.1 | 104.00 | NOTE | |||
r-release-windows-x86_64 | 2.1.1 | 11.00 | 146.00 | 157.00 | NOTE | |
r-oldrel-macos-arm64 | 2.1.1 | 53.00 | NOTE | |||
r-oldrel-macos-x86_64 | 2.1.1 | 94.00 | NOTE | |||
r-oldrel-windows-x86_64 | 2.1.1 | 16.00 | 160.00 | 176.00 | NOTE |
Version: 2.1.1
Check: Rd files
Result: NOTE
checkRd: (-1) NASAtemp.Rd:14: Lost braces in \itemize; meant \describe ?
checkRd: (-1) NASAtemp.Rd:15: Lost braces in \itemize; meant \describe ?
Flavors: r-devel-linux-x86_64-debian-clang, r-devel-linux-x86_64-debian-gcc, r-devel-linux-x86_64-fedora-clang, r-devel-linux-x86_64-fedora-gcc, r-devel-windows-x86_64, r-patched-linux-x86_64, r-release-linux-x86_64, r-release-macos-arm64, r-release-macos-x86_64, r-release-windows-x86_64, r-oldrel-macos-arm64, r-oldrel-macos-x86_64, r-oldrel-windows-x86_64