Last updated on 2024-03-28 17:49:28 CET.
Flavor | Version | Tinstall | Tcheck | Ttotal | Status | Flags |
---|---|---|---|---|---|---|
r-devel-linux-x86_64-debian-clang | 2.1.1 | 12.63 | 141.00 | 153.63 | NOTE | |
r-devel-linux-x86_64-debian-gcc | 2.1.1 | 10.14 | 102.11 | 112.25 | NOTE | |
r-devel-linux-x86_64-fedora-clang | 2.1.1 | 187.43 | NOTE | |||
r-devel-linux-x86_64-fedora-gcc | 2.1.1 | 182.97 | NOTE | |||
r-devel-windows-x86_64 | 2.1.1 | 12.00 | 138.00 | 150.00 | NOTE | |
r-patched-linux-x86_64 | 2.1.1 | 11.84 | 137.00 | 148.84 | NOTE | |
r-release-linux-x86_64 | 2.1.1 | 11.67 | 136.96 | 148.63 | OK | |
r-release-macos-arm64 | 2.1.1 | 59.00 | OK | |||
r-release-macos-x86_64 | 2.1.1 | 100.00 | OK | |||
r-release-windows-x86_64 | 2.1.1 | 15.00 | 155.00 | 170.00 | OK | |
r-oldrel-macos-arm64 | 2.1.1 | 48.00 | OK | |||
r-oldrel-windows-x86_64 | 2.1.1 | 15.00 | 161.00 | 176.00 | OK |
Version: 2.1.1
Check: Rd files
Result: NOTE
checkRd: (-1) NASAtemp.Rd:14: Lost braces in \itemize; meant \describe ?
checkRd: (-1) NASAtemp.Rd:15: Lost braces in \itemize; meant \describe ?
Flavors: r-devel-linux-x86_64-debian-clang, r-devel-linux-x86_64-debian-gcc, r-devel-linux-x86_64-fedora-clang, r-devel-linux-x86_64-fedora-gcc, r-devel-windows-x86_64, r-patched-linux-x86_64