CRAN Package Check Results for Package finch

Last updated on 2025-06-30 18:49:41 CEST.

Flavor Version Tinstall Tcheck Ttotal Status Flags
r-devel-linux-x86_64-debian-clang 0.4.0 6.09 54.14 60.23 OK
r-devel-linux-x86_64-debian-gcc 0.4.0 4.12 40.65 44.77 OK
r-devel-linux-x86_64-fedora-clang 0.4.0 88.28 OK
r-devel-linux-x86_64-fedora-gcc 0.4.0 84.51 OK
r-devel-windows-x86_64 0.4.0 7.00 70.00 77.00 OK
r-patched-linux-x86_64 OK
r-release-linux-x86_64 0.4.0 6.04 48.70 54.74 OK
r-release-macos-arm64 0.4.0 45.00 OK
r-release-macos-x86_64 0.4.0 66.00 OK
r-release-windows-x86_64 0.4.0 9.00 68.00 77.00 OK
r-oldrel-macos-arm64 0.4.0 28.00 NOTE
r-oldrel-macos-x86_64 0.4.0 60.00 NOTE
r-oldrel-windows-x86_64 0.4.0 10.00 78.00 88.00 NOTE

Check Details

Version: 0.4.0
Check: LazyData
Result: NOTE 'LazyData' is specified without a 'data' directory Flavors: r-oldrel-macos-arm64, r-oldrel-macos-x86_64, r-oldrel-windows-x86_64