Last updated on 2025-11-03 17:49:49 CET.
| Flavor | Version | Tinstall | Tcheck | Ttotal | Status | Flags |
|---|---|---|---|---|---|---|
| r-devel-linux-x86_64-debian-clang | 1.13-1 | 116.04 | 186.87 | 302.91 | OK | |
| r-devel-linux-x86_64-debian-gcc | 1.13-1 | 95.29 | 114.36 | 209.65 | OK | |
| r-devel-linux-x86_64-fedora-clang | 1.13-1 | 430.00 | 73.48 | 503.48 | OK | |
| r-devel-linux-x86_64-fedora-gcc | 1.13-1 | 301.00 | 209.92 | 510.92 | OK | |
| r-devel-windows-x86_64 | 1.13-1 | 117.00 | 196.00 | 313.00 | OK | |
| r-patched-linux-x86_64 | 1.13-1 | 131.60 | 173.79 | 305.39 | OK | |
| r-release-linux-x86_64 | 1.13-1 | 126.28 | 173.96 | 300.24 | OK | |
| r-release-macos-arm64 | 1.13-1 | 51.00 | 63.00 | 114.00 | OK | |
| r-release-macos-x86_64 | 1.13-1 | 125.00 | 146.00 | 271.00 | OK | |
| r-release-windows-x86_64 | 1.13-1 | 114.00 | 197.00 | 311.00 | OK | |
| r-oldrel-macos-arm64 | 1.13-1 | 61.00 | 70.00 | 131.00 | NOTE | |
| r-oldrel-macos-x86_64 | 1.13-1 | 134.00 | 188.00 | 322.00 | NOTE | |
| r-oldrel-windows-x86_64 | 1.13-1 | 150.00 | 252.00 | 402.00 | NOTE |
Version: 1.13-1
Check: installed package size
Result: NOTE
installed size is 48.5Mb
sub-directories of 1Mb or more:
libs 47.1Mb
Flavors: r-oldrel-macos-arm64, r-oldrel-macos-x86_64, r-oldrel-windows-x86_64