Last updated on 2024-04-23 18:50:54 CEST.
Flavor | Version | Tinstall | Tcheck | Ttotal | Status | Flags |
---|---|---|---|---|---|---|
r-devel-linux-x86_64-debian-clang | 0.6.2 | 5.87 | 94.32 | 100.19 | OK | |
r-devel-linux-x86_64-debian-gcc | 0.6.2 | 5.63 | 70.16 | 75.79 | OK | |
r-devel-linux-x86_64-fedora-clang | 0.6.2 | 126.20 | NOTE | |||
r-devel-linux-x86_64-fedora-gcc | 0.6.2 | 134.59 | NOTE | |||
r-prerel-macos-arm64 | 0.6.2 | 42.00 | OK | |||
r-prerel-windows-x86_64 | 0.6.2 | 9.00 | 92.00 | 101.00 | OK | |
r-patched-linux-x86_64 | 0.6.2 | 6.06 | 89.82 | 95.88 | OK | |
r-release-linux-x86_64 | 0.6.2 | 5.67 | 90.02 | 95.69 | OK | |
r-release-macos-arm64 | 0.6.2 | 50.00 | OK | |||
r-release-macos-x86_64 | 0.6.2 | 70.00 | OK | |||
r-release-windows-x86_64 | 0.6.2 | 10.00 | 108.00 | 118.00 | OK | |
r-oldrel-macos-arm64 | 0.6.2 | 37.00 | NOTE | |||
r-oldrel-windows-x86_64 | 0.6.2 | 10.00 | 110.00 | 120.00 | OK |
Version: 0.6.2
Check: dependencies in R code
Result: NOTE
Namespace in Imports field not imported from: ‘rstudioapi’
All declared Imports should be used.
Flavors: r-devel-linux-x86_64-fedora-clang, r-devel-linux-x86_64-fedora-gcc, r-oldrel-macos-arm64