CRAN Package Check Results for Package flexmet

Last updated on 2025-11-22 17:49:30 CET.

Flavor Version Tinstall Tcheck Ttotal Status Flags
r-devel-linux-x86_64-debian-clang 1.1 3.82 49.01 52.83 NOTE
r-devel-linux-x86_64-debian-gcc 1.1 3.21 35.20 38.41 NOTE
r-devel-linux-x86_64-fedora-clang 1.1 19.00 66.76 85.76 NOTE
r-devel-linux-x86_64-fedora-gcc 1.1 92.93 NOTE
r-devel-windows-x86_64 1.1 7.00 63.00 70.00 NOTE
r-patched-linux-x86_64 1.1 3.75 45.62 49.37 NOTE
r-release-linux-x86_64 1.1 3.84 45.83 49.67 NOTE
r-release-macos-arm64 1.1 NOTE
r-release-macos-x86_64 1.1 5.00 64.00 69.00 NOTE
r-release-windows-x86_64 1.1 5.00 63.00 68.00 NOTE
r-oldrel-macos-arm64 1.1 NOTE
r-oldrel-macos-x86_64 1.1 5.00 50.00 55.00 NOTE
r-oldrel-windows-x86_64 1.1 5.00 76.00 81.00 NOTE

Check Details

Version: 1.1
Check: Rd files
Result: NOTE checkRd: (-1) fmp.Rd:45: Lost braces; missing escapes or markup? 45 | If k = 0: (xi_1, ..., x_{C_i - 1}, omega) | ^ checkRd: (-1) fmp.Rd:47: Lost braces; missing escapes or markup? 47 | If k = 1: (xi_1, ..., x_{C_i - 1}, omega, alpha1, tau1) | ^ checkRd: (-1) fmp.Rd:49: Lost braces; missing escapes or markup? 49 | If k = 2: (xi_1, ..., x_{C_i - 1}, omega, alpha1, tau1, alpha2, tau2) | ^ Flavors: r-devel-linux-x86_64-debian-clang, r-devel-linux-x86_64-debian-gcc, r-devel-linux-x86_64-fedora-clang, r-devel-linux-x86_64-fedora-gcc, r-devel-windows-x86_64, r-patched-linux-x86_64, r-release-linux-x86_64, r-release-macos-arm64, r-release-macos-x86_64, r-release-windows-x86_64, r-oldrel-macos-arm64, r-oldrel-macos-x86_64, r-oldrel-windows-x86_64