Last updated on 2024-03-28 17:49:28 CET.
Flavor | Version | Tinstall | Tcheck | Ttotal | Status | Flags |
---|---|---|---|---|---|---|
r-devel-linux-x86_64-debian-clang | 0.9.11 | 8.67 | 89.85 | 98.52 | NOTE | |
r-devel-linux-x86_64-debian-gcc | 0.9.11 | 8.75 | 66.24 | 74.99 | NOTE | |
r-devel-linux-x86_64-fedora-clang | 0.9.11 | 121.77 | NOTE | |||
r-devel-linux-x86_64-fedora-gcc | 0.9.11 | 130.00 | NOTE | |||
r-devel-windows-x86_64 | 0.9.11 | 10.00 | 95.00 | 105.00 | NOTE | |
r-patched-linux-x86_64 | 0.9.11 | 12.48 | 85.46 | 97.94 | NOTE | |
r-release-linux-x86_64 | 0.9.11 | 6.10 | 85.22 | 91.32 | OK | |
r-release-macos-arm64 | 0.9.11 | 46.00 | OK | |||
r-release-macos-x86_64 | 0.9.11 | 72.00 | OK | |||
r-release-windows-x86_64 | 0.9.11 | 12.00 | 107.00 | 119.00 | OK | |
r-oldrel-macos-arm64 | 0.9.11 | 35.00 | OK | |||
r-oldrel-windows-x86_64 | 0.9.11 | 14.00 | 103.00 | 117.00 | OK |
Version: 0.9.11
Check: Rd files
Result: NOTE
checkRd: (-1) to_flow.Rd:110-117: Lost braces
110 | \strong{Behaviour:}{
| ^
checkRd: (-1) to_flowdef.Rd:111-115: Lost braces
111 | {
| ^
Flavors: r-devel-linux-x86_64-debian-clang, r-devel-linux-x86_64-debian-gcc, r-devel-linux-x86_64-fedora-clang, r-devel-linux-x86_64-fedora-gcc, r-devel-windows-x86_64, r-patched-linux-x86_64