Last updated on 2025-05-18 06:49:14 CEST.
Flavor | Version | Tinstall | Tcheck | Ttotal | Status | Flags |
---|---|---|---|---|---|---|
r-devel-linux-x86_64-debian-clang | 0.7.6 | 4.68 | 44.91 | 49.59 | NOTE | |
r-devel-linux-x86_64-debian-gcc | 0.7.6 | 3.91 | 30.58 | 34.49 | NOTE | |
r-devel-linux-x86_64-fedora-clang | 0.7.6 | 77.82 | OK | |||
r-devel-linux-x86_64-fedora-gcc | 0.7.6 | 72.38 | OK | |||
r-devel-windows-x86_64 | 0.7.6 | 5.00 | 69.00 | 74.00 | OK | |
r-patched-linux-x86_64 | 0.7.6 | 5.18 | 41.45 | 46.63 | OK | |
r-release-linux-x86_64 | 0.7.6 | 4.77 | 42.09 | 46.86 | OK | |
r-release-macos-arm64 | 0.7.6 | 27.00 | OK | |||
r-release-macos-x86_64 | 0.7.6 | 41.00 | OK | |||
r-release-windows-x86_64 | 0.7.6 | 5.00 | 69.00 | 74.00 | OK | |
r-oldrel-macos-arm64 | 0.7.6 | 21.00 | OK | |||
r-oldrel-macos-x86_64 | 0.7.6 | 34.00 | OK | |||
r-oldrel-windows-x86_64 | 0.7.6 | 8.00 | 77.00 | 85.00 | OK |
Version: 0.7.6
Check: CRAN incoming feasibility
Result: NOTE
Maintainer: ‘Minato Nakazawa <minatonakazawa@gmail.com>’
No Authors@R field in DESCRIPTION.
Please add one, modifying
Authors@R: person(given = "Minato",
family = "Nakazawa",
role = c("aut", "cre"),
email = "minatonakazawa@gmail.com")
as necessary.
Flavors: r-devel-linux-x86_64-debian-clang, r-devel-linux-x86_64-debian-gcc