Last updated on 2024-04-23 06:56:56 CEST.
Flavor | Version | Tinstall | Tcheck | Ttotal | Status | Flags |
---|---|---|---|---|---|---|
r-devel-linux-x86_64-debian-clang | 8.22.0 | 147.19 | 429.06 | 576.25 | OK | |
r-devel-linux-x86_64-debian-gcc | 8.22.0 | 107.85 | 299.06 | 406.91 | OK | |
r-devel-linux-x86_64-fedora-clang | 8.22.0 | 732.14 | OK | |||
r-devel-linux-x86_64-fedora-gcc | 8.22.0 | 722.87 | OK | |||
r-prerel-macos-arm64 | 8.22.0 | 162.00 | NOTE | |||
r-prerel-macos-x86_64 | 8.22.0 | 411.00 | NOTE | |||
r-prerel-windows-x86_64 | 8.22.0 | 114.00 | 358.00 | 472.00 | OK | |
r-patched-linux-x86_64 | 8.22.0 | 144.87 | 414.88 | 559.75 | OK | |
r-release-linux-x86_64 | 8.22.0 | 136.90 | 404.80 | 541.70 | OK | |
r-release-macos-arm64 | 8.22.0 | 160.00 | OK | |||
r-release-macos-x86_64 | 8.22.0 | 351.00 | NOTE | |||
r-release-windows-x86_64 | 8.22.0 | 140.00 | 450.00 | 590.00 | OK | |
r-oldrel-macos-arm64 | 8.22.0 | 155.00 | OK | |||
r-oldrel-windows-x86_64 | 8.22.0 | 135.00 | 412.00 | 547.00 | OK |
Version: 8.22.0
Check: installed package size
Result: NOTE
installed size is 5.0Mb
sub-directories of 1Mb or more:
libs 3.4Mb
Flavors: r-prerel-macos-arm64, r-prerel-macos-x86_64, r-release-macos-x86_64