Last updated on 2024-03-28 17:49:28 CET.
Flavor | Version | Tinstall | Tcheck | Ttotal | Status | Flags |
---|---|---|---|---|---|---|
r-devel-linux-x86_64-debian-clang | 1.3-0 | 36.06 | 38.00 | 74.06 | NOTE | |
r-devel-linux-x86_64-debian-gcc | 1.3-0 | 28.92 | 29.07 | 57.99 | NOTE | |
r-devel-linux-x86_64-fedora-clang | 1.3-0 | 109.52 | NOTE | |||
r-devel-linux-x86_64-fedora-gcc | 1.3-0 | 106.54 | NOTE | |||
r-devel-windows-x86_64 | 1.3-0 | 31.00 | 73.00 | 104.00 | NOTE | |
r-patched-linux-x86_64 | 1.3-0 | 39.64 | 37.19 | 76.83 | NOTE | |
r-release-linux-x86_64 | 1.3-0 | 37.76 | 36.60 | 74.36 | NOTE | |
r-release-macos-arm64 | 1.3-0 | 31.00 | NOTE | |||
r-release-macos-x86_64 | 1.3-0 | 50.00 | NOTE | |||
r-release-windows-x86_64 | 1.3-0 | 29.00 | 79.00 | 108.00 | NOTE | |
r-oldrel-macos-arm64 | 1.3-0 | 33.00 | NOTE | |||
r-oldrel-windows-x86_64 | 1.3-0 | 37.00 | 76.00 | 113.00 | NOTE |
Version: 1.3-0
Check: LazyData
Result: NOTE
'LazyData' is specified without a 'data' directory
Flavors: r-devel-linux-x86_64-debian-clang, r-devel-linux-x86_64-debian-gcc, r-devel-linux-x86_64-fedora-clang, r-devel-linux-x86_64-fedora-gcc, r-devel-windows-x86_64, r-patched-linux-x86_64, r-release-linux-x86_64, r-release-macos-arm64, r-release-macos-x86_64, r-release-windows-x86_64, r-oldrel-macos-arm64, r-oldrel-windows-x86_64