CRAN Package Check Results for Package forecastSNSTS

Last updated on 2025-11-23 05:50:17 CET.

Flavor Version Tinstall Tcheck Ttotal Status Flags
r-devel-linux-x86_64-debian-clang 1.3-0 19.40 32.81 52.21 NOTE
r-devel-linux-x86_64-debian-gcc 1.3-0 13.09 25.72 38.81 NOTE
r-devel-linux-x86_64-fedora-clang 1.3-0 52.00 38.30 90.30 OK
r-devel-linux-x86_64-fedora-gcc 1.3-0 94.00 -3.91 90.09 OK
r-devel-windows-x86_64 1.3-0 26.00 69.00 95.00 NOTE
r-patched-linux-x86_64 1.3-0 20.41 31.48 51.89 OK
r-release-linux-x86_64 1.3-0 19.92 30.48 50.40 OK
r-release-macos-arm64 1.3-0 OK
r-release-macos-x86_64 1.3-0 9.00 33.00 42.00 OK
r-release-windows-x86_64 1.3-0 25.00 70.00 95.00 OK
r-oldrel-macos-arm64 1.3-0 NOTE
r-oldrel-macos-x86_64 1.3-0 10.00 27.00 37.00 NOTE
r-oldrel-windows-x86_64 1.3-0 25.00 84.00 109.00 NOTE

Check Details

Version: 1.3-0
Check: CRAN incoming feasibility
Result: NOTE Maintainer: ‘Tobias Kley <tobias.kley@bristol.ac.uk>’ The Description field contains <arXiv:1611.04460>. Please refer to arXiv e-prints via their arXiv DOI <doi:10.48550/arXiv.YYMM.NNNNN>. Flavors: r-devel-linux-x86_64-debian-clang, r-devel-linux-x86_64-debian-gcc

Version: 1.3-0
Check: Rd files
Result: NOTE checkRd: (-1) forecastSNSTS-package.Rd:16-22: Only 2 columns allowed in this table (row 1 has 1) Flavor: r-devel-windows-x86_64

Version: 1.3-0
Check: LazyData
Result: NOTE 'LazyData' is specified without a 'data' directory Flavors: r-oldrel-macos-arm64, r-oldrel-macos-x86_64, r-oldrel-windows-x86_64