Last updated on 2025-10-31 05:48:42 CET.
| Flavor | Version | Tinstall | Tcheck | Ttotal | Status | Flags | 
|---|---|---|---|---|---|---|
| r-devel-linux-x86_64-debian-clang | 2.2-13 | 15.41 | 135.51 | 150.92 | OK | |
| r-devel-linux-x86_64-debian-gcc | 2.2-13 | 10.26 | 90.28 | 100.54 | OK | |
| r-devel-linux-x86_64-fedora-clang | 2.2-13 | 76.00 | 168.77 | 244.77 | OK | |
| r-devel-linux-x86_64-fedora-gcc | 2.2-13 | 33.00 | 177.19 | 210.19 | OK | |
| r-devel-windows-x86_64 | 2.2-13 | 15.00 | 157.00 | 172.00 | OK | |
| r-patched-linux-x86_64 | 2.2-13 | 19.12 | 126.64 | 145.76 | OK | |
| r-release-linux-x86_64 | 2.2-13 | 15.44 | 126.38 | 141.82 | OK | |
| r-release-macos-arm64 | 2.2-13 | 7.00 | 53.00 | 60.00 | NOTE | |
| r-release-macos-x86_64 | 2.2-13 | 23.00 | 115.00 | 138.00 | OK | |
| r-release-windows-x86_64 | 2.2-13 | 18.00 | 159.00 | 177.00 | OK | |
| r-oldrel-macos-arm64 | 2.2-13 | 6.00 | 49.00 | 55.00 | OK | |
| r-oldrel-macos-x86_64 | 2.2-13 | 11.00 | 107.00 | 118.00 | OK | |
| r-oldrel-windows-x86_64 | 2.2-13 | 24.00 | 197.00 | 221.00 | OK | 
Version: 2.2-13
Check: tests
Result: NOTE
    Running ‘fpctests_notallin.R’ [3s/3s]
    Comparing ‘fpctests_notallin.Rout’ to ‘fpctests_notallin.Rout.save’ ...24,26c24,26
  < [1,] -0.215 -0.3389 -0.51886
  < [2,]  0.370  0.0144 -0.00893
  < [3,] -0.111  0.7914 -0.23574
  ---
  > [1,]  0.215 -0.3389 -0.51886
  > [2,] -0.370  0.0144 -0.00893
  > [3,]  0.111  0.7914 -0.23574
Flavor: r-release-macos-arm64