CRAN Package Check Results for Package fractional

Last updated on 2025-11-23 05:50:17 CET.

Flavor Version Tinstall Tcheck Ttotal Status Flags
r-devel-linux-x86_64-debian-clang 0.1.3 9.93 38.70 48.63 NOTE
r-devel-linux-x86_64-debian-gcc 0.1.3 6.94 30.85 37.79 NOTE
r-devel-linux-x86_64-fedora-clang 0.1.3 101.00 -14.77 86.23 NOTE
r-devel-linux-x86_64-fedora-gcc 0.1.3 23.00 65.76 88.76 NOTE
r-devel-windows-x86_64 0.1.3 17.00 72.00 89.00 OK
r-patched-linux-x86_64 0.1.3 9.81 37.00 46.81 OK
r-release-linux-x86_64 0.1.3 9.71 36.87 46.58 OK
r-release-macos-arm64 0.1.3 OK
r-release-macos-x86_64 0.1.3 7.00 50.00 57.00 OK
r-release-windows-x86_64 0.1.3 14.00 71.00 85.00 OK
r-oldrel-macos-arm64 0.1.3 NOTE
r-oldrel-macos-x86_64 0.1.3 7.00 40.00 47.00 NOTE
r-oldrel-windows-x86_64 0.1.3 15.00 83.00 98.00 NOTE

Check Details

Version: 0.1.3
Check: CRAN incoming feasibility
Result: NOTE Maintainer: ‘Bill Venables <bill.venables@gmail.com>’ No Authors@R field in DESCRIPTION. Please add one, modifying Authors@R: person(given = "Bill", family = "Venables", role = c("aut", "cre"), email = "bill.venables@gmail.com") as necessary. Flavors: r-devel-linux-x86_64-debian-clang, r-devel-linux-x86_64-debian-gcc

Version: 0.1.3
Check: compiled code
Result: NOTE File ‘fractional/libs/fractional.so’: Found no calls to: ‘R_registerRoutines’, ‘R_useDynamicSymbols’ It is good practice to register native routines and to disable symbol search. See ‘Writing portable packages’ in the ‘Writing R Extensions’ manual. Flavors: r-devel-linux-x86_64-fedora-clang, r-devel-linux-x86_64-fedora-gcc

Version: 0.1.3
Check: LazyData
Result: NOTE 'LazyData' is specified without a 'data' directory Flavors: r-oldrel-macos-arm64, r-oldrel-macos-x86_64, r-oldrel-windows-x86_64