Last updated on 2025-11-23 05:50:17 CET.
| Flavor | Version | Tinstall | Tcheck | Ttotal | Status | Flags |
|---|---|---|---|---|---|---|
| r-devel-linux-x86_64-debian-clang | 2.3 | 13.88 | 83.78 | 97.66 | NOTE | |
| r-devel-linux-x86_64-debian-gcc | 2.3 | 8.60 | 58.73 | 67.33 | NOTE | |
| r-devel-linux-x86_64-fedora-clang | 2.3 | 91.00 | 78.17 | 169.17 | OK | |
| r-devel-linux-x86_64-fedora-gcc | 2.3 | 29.00 | 116.34 | 145.34 | OK | |
| r-devel-windows-x86_64 | 2.3 | 15.00 | 83.00 | 98.00 | OK | |
| r-patched-linux-x86_64 | 2.3 | 13.80 | 82.19 | 95.99 | OK | |
| r-release-linux-x86_64 | 2.3 | 11.06 | 81.97 | 93.03 | OK | |
| r-release-macos-arm64 | 2.3 | OK | ||||
| r-release-macos-x86_64 | 2.3 | 12.00 | 72.00 | 84.00 | OK | |
| r-release-windows-x86_64 | 2.3 | 15.00 | 99.00 | 114.00 | OK | |
| r-oldrel-macos-arm64 | 2.3 | OK | ||||
| r-oldrel-macos-x86_64 | 2.3 | 10.00 | 53.00 | 63.00 | OK | |
| r-oldrel-windows-x86_64 | 2.3 | 21.00 | 105.00 | 126.00 | OK |
Version: 2.3
Check: CRAN incoming feasibility
Result: NOTE
Maintainer: ‘Maengseok Noh <msnoh@pknu.ac.kr>’
No Authors@R field in DESCRIPTION.
Please add one, modifying
Authors@R: c(person(given = c("Il", "Do"),
family = "Ha",
role = "aut"),
person(given = "Maengseok",
family = "Noh",
role = c("aut", "cre"),
email = "msnoh@pknu.ac.kr"),
person(given = "Jiwoong",
family = "Kim",
role = "aut"),
person(given = "Youngjo",
family = "Lee",
role = "aut"))
as necessary.
Flavors: r-devel-linux-x86_64-debian-clang, r-devel-linux-x86_64-debian-gcc