Last updated on 2024-04-25 18:49:27 CEST.
Flavor | Version | Tinstall | Tcheck | Ttotal | Status | Flags |
---|---|---|---|---|---|---|
r-devel-linux-x86_64-debian-clang | 1.1.1 | 1.99 | 26.08 | 28.07 | NOTE | |
r-devel-linux-x86_64-debian-gcc | 1.1.1 | 1.98 | 20.49 | 22.47 | NOTE | |
r-devel-linux-x86_64-fedora-clang | 1.1.1 | 37.01 | NOTE | |||
r-devel-linux-x86_64-fedora-gcc | 1.1.1 | 35.26 | NOTE | |||
r-devel-windows-x86_64 | 1.1.1 | 3.00 | 41.00 | 44.00 | NOTE | |
r-patched-linux-x86_64 | 1.1.1 | 2.25 | 26.01 | 28.26 | NOTE | |
r-release-linux-x86_64 | 1.1.1 | 2.67 | 25.46 | 28.13 | OK | |
r-release-macos-arm64 | 1.1.1 | 16.00 | NOTE | |||
r-release-windows-x86_64 | 1.1.1 | 3.00 | 41.00 | 44.00 | NOTE | |
r-oldrel-macos-arm64 | 1.1.1 | 20.00 | OK | |||
r-oldrel-macos-x86_64 | 1.1.1 | 22.00 | OK | |||
r-oldrel-windows-x86_64 | 1.1.1 | 4.00 | 44.00 | 48.00 | OK |
Version: 1.1.1
Check: Rd files
Result: NOTE
checkRd: (-1) report.Rd:18: Lost braces; missing escapes or markup?
18 | \item{las}{numeric in {0,1,2,3}; the style of axis labels (see \code{\link{par}}).}
| ^
Flavors: r-devel-linux-x86_64-debian-clang, r-devel-linux-x86_64-debian-gcc, r-devel-linux-x86_64-fedora-clang, r-devel-linux-x86_64-fedora-gcc, r-devel-windows-x86_64, r-patched-linux-x86_64, r-release-macos-arm64, r-release-windows-x86_64