Last updated on 2024-07-03 18:57:36 CEST.
Flavor | Version | Tinstall | Tcheck | Ttotal | Status | Flags |
---|---|---|---|---|---|---|
r-devel-linux-x86_64-debian-clang | 0.3.0 | 2.36 | 25.87 | 28.23 | NOTE | |
r-devel-linux-x86_64-debian-gcc | 0.3.0 | 1.73 | 19.53 | 21.26 | NOTE | |
r-devel-linux-x86_64-fedora-clang | 0.3.0 | 35.41 | NOTE | |||
r-devel-linux-x86_64-fedora-gcc | 0.3.0 | 35.71 | NOTE | |||
r-devel-windows-x86_64 | 0.3.0 | 2.00 | 43.00 | 45.00 | NOTE | |
r-patched-linux-x86_64 | 0.3.0 | 1.56 | 24.28 | 25.84 | NOTE | |
r-release-linux-x86_64 | 0.3.0 | 1.92 | 24.68 | 26.60 | NOTE | |
r-release-macos-arm64 | 0.3.0 | 16.00 | NOTE | |||
r-release-macos-x86_64 | 0.3.0 | 24.00 | NOTE | |||
r-release-windows-x86_64 | 0.3.0 | 2.00 | 42.00 | 44.00 | NOTE | |
r-oldrel-macos-arm64 | 0.3.0 | 16.00 | NOTE | |||
r-oldrel-macos-x86_64 | 0.3.0 | 21.00 | NOTE | |||
r-oldrel-windows-x86_64 | 0.3.0 | 4.00 | 44.00 | 48.00 | NOTE |
Version: 0.3.0
Check: LazyData
Result: NOTE
'LazyData' is specified without a 'data' directory
Flavors: r-devel-linux-x86_64-debian-clang, r-devel-linux-x86_64-debian-gcc, r-devel-linux-x86_64-fedora-clang, r-devel-linux-x86_64-fedora-gcc, r-devel-windows-x86_64, r-patched-linux-x86_64, r-release-linux-x86_64, r-release-macos-arm64, r-release-macos-x86_64, r-release-windows-x86_64, r-oldrel-macos-arm64, r-oldrel-macos-x86_64, r-oldrel-windows-x86_64