CRAN Package Check Results for Package fxl

Last updated on 2025-05-19 06:49:43 CEST.

Flavor Version Tinstall Tcheck Ttotal Status Flags
r-devel-linux-x86_64-debian-clang 1.7.2 5.38 69.48 74.86 NOTE
r-devel-linux-x86_64-debian-gcc 1.7.2 3.56 50.85 54.41 NOTE
r-devel-linux-x86_64-fedora-clang 1.7.2 110.07 OK
r-devel-linux-x86_64-fedora-gcc 1.7.2 120.12 OK
r-devel-windows-x86_64 1.7.2 7.00 99.00 106.00 OK
r-patched-linux-x86_64 1.7.2 5.79 65.36 71.15 NOTE
r-release-linux-x86_64 1.7.2 5.08 66.23 71.31 NOTE
r-release-macos-arm64 1.7.2 39.00 OK
r-release-macos-x86_64 1.7.2 81.00 OK
r-release-windows-x86_64 1.7.2 7.00 96.00 103.00 OK
r-oldrel-macos-arm64 1.7.2 56.00 NOTE
r-oldrel-macos-x86_64 1.7.2 102.00 NOTE
r-oldrel-windows-x86_64 1.7.2 8.00 98.00 106.00 NOTE

Check Details

Version: 1.7.2
Check: for unstated dependencies in ‘demo’
Result: NOTE '::' or ':::' import not declared from: ‘here’ 'library' or 'require' calls not declared from: ‘dplyr’ ‘here’ ‘scales’ ‘tidyverse’ Flavors: r-devel-linux-x86_64-debian-clang, r-devel-linux-x86_64-debian-gcc, r-patched-linux-x86_64, r-release-linux-x86_64

Version: 1.7.2
Check: installed package size
Result: NOTE installed size is 6.1Mb sub-directories of 1Mb or more: doc 1.1Mb help 4.6Mb Flavors: r-oldrel-macos-arm64, r-oldrel-macos-x86_64, r-oldrel-windows-x86_64