Last updated on 2024-04-18 18:57:38 CEST.
Flavor | Version | Tinstall | Tcheck | Ttotal | Status | Flags |
---|---|---|---|---|---|---|
r-devel-linux-x86_64-debian-clang | 0.7.0 | 5.38 | 62.60 | 67.98 | NOTE | |
r-devel-linux-x86_64-debian-gcc | 0.7.0 | 6.08 | 47.47 | 53.55 | NOTE | |
r-devel-linux-x86_64-fedora-clang | 0.7.0 | 85.91 | NOTE | |||
r-devel-linux-x86_64-fedora-gcc | 0.7.0 | 83.14 | NOTE | |||
r-prerel-macos-arm64 | 0.7.0 | 27.00 | NOTE | |||
r-prerel-windows-x86_64 | 0.7.0 | 7.00 | 61.00 | 68.00 | NOTE | |
r-patched-linux-x86_64 | 0.7.0 | 6.28 | 60.91 | 67.19 | NOTE | |
r-release-linux-x86_64 | 0.7.0 | 6.80 | 62.51 | 69.31 | NOTE | |
r-release-macos-arm64 | 0.7.0 | 30.00 | NOTE | |||
r-release-macos-x86_64 | 0.7.0 | 46.00 | NOTE | |||
r-release-windows-x86_64 | 0.7.0 | 9.00 | 68.00 | 77.00 | NOTE | |
r-oldrel-macos-arm64 | 0.7.0 | 27.00 | NOTE | |||
r-oldrel-windows-x86_64 | 0.7.0 | 10.00 | 75.00 | 85.00 | NOTE |
Version: 0.7.0
Check: LazyData
Result: NOTE
'LazyData' is specified without a 'data' directory
Flavors: r-devel-linux-x86_64-debian-clang, r-devel-linux-x86_64-debian-gcc, r-devel-linux-x86_64-fedora-clang, r-devel-linux-x86_64-fedora-gcc, r-prerel-macos-arm64, r-prerel-windows-x86_64, r-patched-linux-x86_64, r-release-linux-x86_64, r-release-macos-arm64, r-release-macos-x86_64, r-release-windows-x86_64, r-oldrel-macos-arm64, r-oldrel-windows-x86_64