Last updated on 2024-07-05 19:04:21 CEST.
Flavor | Version | Tinstall | Tcheck | Ttotal | Status | Flags |
---|---|---|---|---|---|---|
r-devel-linux-x86_64-debian-clang | 3.5.1 | 13.31 | 122.95 | 136.26 | NOTE | |
r-devel-linux-x86_64-debian-gcc | 3.5.1 | 12.98 | 87.11 | 100.09 | NOTE | |
r-devel-linux-x86_64-fedora-clang | 3.5.1 | 178.14 | NOTE | |||
r-devel-linux-x86_64-fedora-gcc | 3.5.1 | 169.17 | NOTE | |||
r-devel-windows-x86_64 | 3.5.1 | 13.00 | 96.00 | 109.00 | NOTE | |
r-patched-linux-x86_64 | 3.5.1 | 18.49 | 118.17 | 136.66 | NOTE | |
r-release-linux-x86_64 | 3.5.1 | 12.28 | 116.23 | 128.51 | NOTE | |
r-release-macos-arm64 | 3.5.1 | 43.00 | NOTE | |||
r-release-macos-x86_64 | 3.5.1 | 63.00 | NOTE | |||
r-release-windows-x86_64 | 3.5.1 | 14.00 | 98.00 | 112.00 | NOTE | |
r-oldrel-macos-arm64 | 3.5.1 | 46.00 | NOTE | |||
r-oldrel-macos-x86_64 | 3.5.1 | 82.00 | NOTE | |||
r-oldrel-windows-x86_64 | 3.5.1 | 18.00 | 124.00 | 142.00 | NOTE |
Version: 3.5.1
Check: LazyData
Result: NOTE
'LazyData' is specified without a 'data' directory
Flavors: r-devel-linux-x86_64-debian-clang, r-devel-linux-x86_64-debian-gcc, r-devel-linux-x86_64-fedora-clang, r-devel-linux-x86_64-fedora-gcc, r-devel-windows-x86_64, r-patched-linux-x86_64, r-release-linux-x86_64, r-release-macos-arm64, r-release-macos-x86_64, r-release-windows-x86_64, r-oldrel-macos-arm64, r-oldrel-macos-x86_64, r-oldrel-windows-x86_64