Last updated on 2025-07-21 06:49:26 CEST.
Flavor | Version | Tinstall | Tcheck | Ttotal | Status | Flags |
---|---|---|---|---|---|---|
r-devel-linux-x86_64-debian-clang | 5.4-22 | 29.97 | 182.39 | 212.36 | NOTE | |
r-devel-linux-x86_64-debian-gcc | 5.4-22 | 17.60 | 122.20 | 139.80 | NOTE | |
r-devel-linux-x86_64-fedora-clang | 5.4-22 | 332.60 | OK | |||
r-devel-linux-x86_64-fedora-gcc | 5.4-22 | 319.62 | OK | |||
r-devel-windows-x86_64 | 5.4-22 | 32.00 | 187.00 | 219.00 | NOTE | |
r-patched-linux-x86_64 | 5.4-22 | 28.51 | 175.88 | 204.39 | NOTE | |
r-release-linux-x86_64 | 5.4-22 | 30.55 | 176.94 | 207.49 | NOTE | |
r-release-macos-arm64 | 5.4-22 | 109.00 | OK | |||
r-release-macos-x86_64 | 5.4-22 | 295.00 | OK | |||
r-release-windows-x86_64 | 5.4-22 | 30.00 | 188.00 | 218.00 | NOTE | |
r-oldrel-macos-arm64 | 5.4-22 | 78.00 | OK | |||
r-oldrel-macos-x86_64 | 5.4-22 | 192.00 | OK | |||
r-oldrel-windows-x86_64 | 5.4-22 | 46.00 | 251.00 | 297.00 | OK |
Version: 5.4-22
Check: Rd cross-references
Result: NOTE
Found the following Rd file(s) with Rd \link{} targets missing package
anchors:
LR.test.Rd: dropterm
gamlss.ps.Rd: ridge
Please provide package anchors for all Rd \link{} targets not in the
package itself and the base packages.
Flavors: r-devel-linux-x86_64-debian-clang, r-devel-linux-x86_64-debian-gcc, r-devel-windows-x86_64, r-patched-linux-x86_64, r-release-linux-x86_64, r-release-windows-x86_64