Last updated on 2024-04-19 06:56:16 CEST.
Flavor | Version | Tinstall | Tcheck | Ttotal | Status | Flags |
---|---|---|---|---|---|---|
r-devel-linux-x86_64-debian-clang | 2.3.3 | 5.71 | 29.15 | 34.86 | NOTE | |
r-devel-linux-x86_64-debian-gcc | 2.3.3 | NOTE | ||||
r-devel-linux-x86_64-fedora-clang | 2.3.3 | 43.83 | NOTE | |||
r-devel-linux-x86_64-fedora-gcc | 2.3.3 | 43.15 | NOTE | |||
r-prerel-macos-arm64 | 2.3.3 | 20.00 | NOTE | |||
r-prerel-windows-x86_64 | 2.3.3 | 8.00 | 55.00 | 63.00 | NOTE | |
r-patched-linux-x86_64 | 2.3.3 | 4.10 | 29.08 | 33.18 | NOTE | |
r-release-linux-x86_64 | 2.3.3 | 4.63 | 28.29 | 32.92 | NOTE | |
r-release-macos-arm64 | 2.3.3 | 23.00 | NOTE | |||
r-release-macos-x86_64 | 2.3.3 | 30.00 | NOTE | |||
r-release-windows-x86_64 | 2.3.3 | 8.00 | 58.00 | 66.00 | NOTE | |
r-oldrel-macos-arm64 | 2.3.3 | 24.00 | OK | |||
r-oldrel-windows-x86_64 | 2.3.3 | 8.00 | 53.00 | 61.00 | OK |
Version: 2.3.3
Check: Rd files
Result: NOTE
checkRd: (-1) fitgbd.Rd:29: Escaped LaTeX specials: \&
checkRd: (-1) fitgld.Rd:30: Escaped LaTeX specials: \&
checkRd: (-1) gb.Rd:28: Escaped LaTeX specials: \&
checkRd: (-1) gbd.Rd:37: Escaped LaTeX specials: \&
checkRd: (-1) gld.Rd:36: Escaped LaTeX specials: \&
Flavors: r-devel-linux-x86_64-debian-clang, r-devel-linux-x86_64-debian-gcc, r-devel-linux-x86_64-fedora-clang, r-devel-linux-x86_64-fedora-gcc, r-prerel-macos-arm64, r-prerel-windows-x86_64, r-patched-linux-x86_64, r-release-linux-x86_64, r-release-macos-arm64, r-release-macos-x86_64, r-release-windows-x86_64