Last updated on 2024-07-05 19:04:21 CEST.
Flavor | Version | Tinstall | Tcheck | Ttotal | Status | Flags |
---|---|---|---|---|---|---|
r-devel-linux-x86_64-debian-clang | 0.3.2 | 8.20 | 44.03 | 52.23 | NOTE | |
r-devel-linux-x86_64-debian-gcc | 0.3.2 | 5.37 | 32.59 | 37.96 | NOTE | |
r-devel-linux-x86_64-fedora-clang | 0.3.2 | 66.42 | NOTE | |||
r-devel-linux-x86_64-fedora-gcc | 0.3.2 | 62.09 | NOTE | |||
r-devel-windows-x86_64 | 0.3.2 | 6.00 | 51.00 | 57.00 | NOTE | |
r-patched-linux-x86_64 | 0.3.2 | 6.13 | 41.16 | 47.29 | NOTE | |
r-release-linux-x86_64 | 0.3.2 | 5.17 | 42.47 | 47.64 | NOTE | |
r-release-macos-arm64 | 0.3.2 | 19.00 | NOTE | |||
r-release-macos-x86_64 | 0.3.2 | 31.00 | NOTE | |||
r-release-windows-x86_64 | 0.3.2 | 7.00 | 52.00 | 59.00 | NOTE | |
r-oldrel-macos-arm64 | 0.3.2 | 20.00 | OK | |||
r-oldrel-macos-x86_64 | 0.3.2 | 29.00 | OK | |||
r-oldrel-windows-x86_64 | 0.3.2 | 7.00 | 55.00 | 62.00 | OK |
Version: 0.3.2
Check: Rd files
Result: NOTE
checkRd: (-1) gconsensus.Rd:48-54: Lost braces
48 | {\code{display.signif.digits} an integer representing the number of significant digits to be obtained in the adaptative approach of the Monte Carlo simulation,
| ^
Flavors: r-devel-linux-x86_64-debian-clang, r-devel-linux-x86_64-debian-gcc, r-devel-linux-x86_64-fedora-clang, r-devel-linux-x86_64-fedora-gcc, r-devel-windows-x86_64, r-patched-linux-x86_64, r-release-linux-x86_64, r-release-macos-arm64, r-release-macos-x86_64, r-release-windows-x86_64