Last updated on 2024-07-03 18:57:36 CEST.
Flavor | Version | Tinstall | Tcheck | Ttotal | Status | Flags |
---|---|---|---|---|---|---|
r-devel-linux-x86_64-debian-clang | 1.5.0-9.1 | 9.36 | 2.53 | 11.89 | ERROR | |
r-devel-linux-x86_64-debian-gcc | 1.5.0-9.1 | 38.97 | 271.07 | 310.04 | NOTE | |
r-devel-linux-x86_64-fedora-clang | 1.5.0-9.1 | 553.56 | NOTE | |||
r-devel-linux-x86_64-fedora-gcc | 1.5.0-9.1 | 519.43 | NOTE | |||
r-devel-windows-x86_64 | 1.5.0-9.1 | 55.00 | 239.00 | 294.00 | NOTE | |
r-patched-linux-x86_64 | 1.5.0-9.1 | 43.26 | 358.93 | 402.19 | NOTE | |
r-release-linux-x86_64 | 1.5.0-9.1 | 47.48 | 366.78 | 414.26 | NOTE | |
r-release-macos-arm64 | 1.5.0-9.1 | 112.00 | NOTE | |||
r-release-macos-x86_64 | 1.5.0-9.1 | 185.00 | NOTE | |||
r-release-windows-x86_64 | 1.5.0-9.1 | 54.00 | 239.00 | 293.00 | NOTE | |
r-oldrel-macos-arm64 | 1.5.0-9.1 | 116.00 | NOTE | |||
r-oldrel-macos-x86_64 | 1.5.0-9.1 | 222.00 | NOTE | |||
r-oldrel-windows-x86_64 | 1.5.0-9.1 | 70.00 | 318.00 | 388.00 | NOTE |
Version: 1.5.0-9.1
Check: whether package can be installed
Result: ERROR
Installation failed.
Flavor: r-devel-linux-x86_64-debian-clang
Version: 1.5.0-9.1
Check: C++ specification
Result: NOTE
Specified C++11: please drop specification unless essential
Flavors: r-devel-linux-x86_64-debian-gcc, r-devel-linux-x86_64-fedora-clang, r-devel-linux-x86_64-fedora-gcc, r-devel-windows-x86_64, r-patched-linux-x86_64, r-release-linux-x86_64, r-release-macos-arm64, r-release-macos-x86_64, r-release-windows-x86_64, r-oldrel-macos-arm64, r-oldrel-macos-x86_64, r-oldrel-windows-x86_64
Version: 1.5.0-9.1
Check: installed package size
Result: NOTE
installed size is 5.1Mb
sub-directories of 1Mb or more:
extdata 3.0Mb
Flavor: r-oldrel-windows-x86_64