Last updated on 2024-04-24 07:15:03 CEST.
Flavor | Version | Tinstall | Tcheck | Ttotal | Status | Flags |
---|---|---|---|---|---|---|
r-devel-linux-x86_64-debian-clang | 0.3.7 | 61.13 | 47.01 | 108.14 | OK | |
r-devel-linux-x86_64-debian-gcc | 0.3.7 | 44.51 | 36.62 | 81.13 | OK | |
r-devel-linux-x86_64-fedora-clang | 0.3.7 | 158.84 | OK | |||
r-devel-linux-x86_64-fedora-gcc | 0.3.7 | 151.12 | OK | |||
r-prerel-macos-arm64 | 0.3.7 | 42.00 | OK | |||
r-prerel-macos-x86_64 | 0.3.7 | 68.00 | NOTE | |||
r-prerel-windows-x86_64 | 0.3.7 | 60.00 | 108.00 | 168.00 | OK | |
r-patched-linux-x86_64 | 0.3.7 | 60.63 | 45.36 | 105.99 | OK | |
r-release-linux-x86_64 | 0.3.7 | 56.22 | 46.86 | 103.08 | OK | |
r-release-macos-arm64 | 0.3.7 | 46.00 | OK | |||
r-release-macos-x86_64 | 0.3.7 | 67.00 | NOTE | |||
r-release-windows-x86_64 | 0.3.7 | 76.00 | 128.00 | 204.00 | OK | |
r-oldrel-macos-arm64 | 0.3.7 | 45.00 | OK | |||
r-oldrel-windows-x86_64 | 0.3.7 | 62.00 | 104.00 | 166.00 | OK |
Version: 0.3.7
Check: installed package size
Result: NOTE
installed size is 5.2Mb
sub-directories of 1Mb or more:
libs 5.0Mb
Flavors: r-prerel-macos-x86_64, r-release-macos-x86_64