Last updated on 2025-05-05 18:50:05 CEST.
Flavor | Version | Tinstall | Tcheck | Ttotal | Status | Flags |
---|---|---|---|---|---|---|
r-devel-linux-x86_64-debian-clang | 0.2.2 | 39.36 | 79.16 | 118.52 | OK | |
r-devel-linux-x86_64-debian-gcc | 0.2.2 | 31.98 | 61.05 | 93.03 | OK | |
r-devel-linux-x86_64-fedora-clang | 0.2.2 | 192.56 | OK | |||
r-devel-linux-x86_64-fedora-gcc | 0.2.2 | 203.38 | OK | |||
r-devel-windows-x86_64 | 0.2.2 | 42.00 | 110.00 | 152.00 | OK | |
r-patched-linux-x86_64 | 0.2.2 | 40.94 | 79.31 | 120.25 | OK | |
r-release-linux-x86_64 | 0.2.2 | 42.40 | 80.00 | 122.40 | OK | |
r-release-macos-arm64 | 0.2.2 | 58.00 | OK | |||
r-release-macos-x86_64 | 0.2.2 | 127.00 | OK | |||
r-release-windows-x86_64 | 0.2.2 | 42.00 | 0.00 | 42.00 | FAIL | |
r-oldrel-macos-arm64 | 0.2.2 | 210.00 | NOTE | |||
r-oldrel-macos-x86_64 | 0.2.2 | 252.00 | NOTE | |||
r-oldrel-windows-x86_64 | 0.2.2 | 51.00 | 132.00 | 183.00 | OK |
Version: 0.2.2
Check: PDF version of manual
Result: FAIL
Check process probably crashed or hung up for 20 minutes ... killed
Most likely this happened in the example checks (?),
if not, ignore the following last lines of example output:
2 -0.07847982 -0.1028006 -0.1077759 -0.4065101 4.597027 -0.4334700 -0.1706676
3 -0.07847982 -0.1028006 -0.1077759 -0.4065101 4.597027 -0.4334700 -0.1706676
4 -0.07847982 -0.1028006 -0.1077759 -0.4065101 4.597027 -0.4334700 -0.1706676
5 -0.07847982 -0.1031695 -0.1077759 -0.4360858 4.597027 -0.4389068 -0.1707919
6 -0.07847982 -0.1031695 -0.1077759 -0.4360858 4.597027 -0.4389068 -0.1707919
YAP5 YAP6 YFL044C YJL206C ZAP1 ZMS1
1 -0.2046940 -0.1612005 -0.1634152 -0.06660645 -0.09396152 -0.1803012
2 -0.2046940 -0.1612005 -0.1634152 -0.06660645 -0.09396152 -0.1803012
3 -0.2046940 -0.1612005 -0.1634152 -0.06660645 -0.09396152 -0.1803012
4 -0.2046940 -0.1612005 -0.1634152 -0.06660645 -0.09396152 -0.1803012
5 -0.2047727 -0.1595266 -0.1631651 -0.06660645 -0.09392894 -0.1613473
6 -0.2047727 -0.1595266 -0.1631651 -0.06660645 -0.09392894 -0.1613473
>
>
>
> ### * <FOOTER>
> ###
> cleanEx()
> options(digits = 7L)
> base::cat("Time elapsed: ", proc.time() - base::get("ptime", pos = 'CheckExEnv'),"\n")
Time elapsed: 6.73 0.69 7.44 NA NA
> grDevices::dev.off()
null device
1
> ###
> ### Local variables: ***
> ### mode: outline-minor ***
> ### outline-regexp: "\\(> \\)?### [*]+" ***
> ### End: ***
> quit('no')
======== End of example output (where/before crash/hang up occured ?) ========
Flavor: r-release-windows-x86_64
Version: 0.2.2
Check: installed package size
Result: NOTE
installed size is 18.0Mb
sub-directories of 1Mb or more:
libs 17.5Mb
Flavors: r-oldrel-macos-arm64, r-oldrel-macos-x86_64