Last updated on 2025-07-21 06:49:27 CEST.
Flavor | Version | Tinstall | Tcheck | Ttotal | Status | Flags |
---|---|---|---|---|---|---|
r-devel-linux-x86_64-debian-clang | 1.0.1 | 5.11 | 39.00 | 44.11 | OK | |
r-devel-linux-x86_64-debian-gcc | 1.0.1 | 3.30 | 28.74 | 32.04 | OK | |
r-devel-linux-x86_64-fedora-clang | 1.0.1 | 68.70 | NOTE | |||
r-devel-linux-x86_64-fedora-gcc | 1.0.1 | 60.55 | NOTE | |||
r-devel-windows-x86_64 | 1.0.1 | 7.00 | 56.00 | 63.00 | OK | |
r-patched-linux-x86_64 | 1.0.1 | 5.55 | 35.68 | 41.23 | OK | |
r-release-linux-x86_64 | 1.0.1 | 5.05 | 35.45 | 40.50 | OK | |
r-release-macos-arm64 | 1.0.1 | 28.00 | OK | |||
r-release-macos-x86_64 | 1.0.1 | 40.00 | OK | |||
r-release-windows-x86_64 | 1.0.1 | 7.00 | 56.00 | 63.00 | OK | |
r-oldrel-macos-arm64 | 1.0.1 | 24.00 | NOTE | |||
r-oldrel-macos-x86_64 | 1.0.1 | 40.00 | NOTE | |||
r-oldrel-windows-x86_64 | 1.0.1 | 8.00 | 66.00 | 74.00 | NOTE |
Version: 1.0.1
Check: dependencies in R code
Result: NOTE
Namespaces in Imports field not imported from:
‘ggplot2’ ‘pracma’ ‘rlang’
All declared Imports should be used.
Flavors: r-devel-linux-x86_64-fedora-clang, r-devel-linux-x86_64-fedora-gcc
Version: 1.0.1
Check: LazyData
Result: NOTE
'LazyData' is specified without a 'data' directory
Flavors: r-oldrel-macos-arm64, r-oldrel-macos-x86_64, r-oldrel-windows-x86_64