Last updated on 2024-04-19 06:56:17 CEST.
Flavor | Version | Tinstall | Tcheck | Ttotal | Status | Flags |
---|---|---|---|---|---|---|
r-devel-linux-x86_64-debian-clang | 0.2.1 | 30.05 | 516.42 | 546.47 | OK | |
r-devel-linux-x86_64-debian-gcc | 0.2.1 | OK | ||||
r-devel-linux-x86_64-fedora-clang | 0.2.1 | 658.29 | NOTE | |||
r-devel-linux-x86_64-fedora-gcc | 0.2.1 | 677.78 | NOTE | |||
r-prerel-macos-arm64 | 0.2.1 | 152.00 | OK | |||
r-prerel-windows-x86_64 | 0.2.1 | 26.00 | 293.00 | 319.00 | OK | |
r-patched-linux-x86_64 | 0.2.1 | 31.91 | 482.85 | 514.76 | OK | |
r-release-linux-x86_64 | 0.2.1 | 21.76 | 480.65 | 502.41 | OK | |
r-release-macos-arm64 | 0.2.1 | 96.00 | OK | |||
r-release-macos-x86_64 | 0.2.1 | 231.00 | OK | |||
r-release-windows-x86_64 | 0.2.1 | 34.00 | 419.00 | 453.00 | OK | |
r-oldrel-macos-arm64 | 0.2.1 | 105.00 | OK | |||
r-oldrel-windows-x86_64 | 0.2.1 | 35.00 | 405.00 | 440.00 | OK |
Version: 0.2.1
Check: data for non-ASCII characters
Result: NOTE
Note: found 646 marked UTF-8 strings
Flavors: r-devel-linux-x86_64-fedora-clang, r-devel-linux-x86_64-fedora-gcc