Last updated on 2025-10-27 17:50:29 CET.
| Flavor | Version | Tinstall | Tcheck | Ttotal | Status | Flags |
|---|---|---|---|---|---|---|
| r-devel-linux-x86_64-debian-clang | 1.5-20 | 67.47 | 81.00 | 148.47 | OK | |
| r-devel-linux-x86_64-debian-gcc | 1.5-20 | 47.46 | 56.19 | 103.65 | OK | |
| r-devel-linux-x86_64-fedora-clang | 1.5-20 | 374.00 | -55.28 | 318.72 | OK | |
| r-devel-linux-x86_64-fedora-gcc | 1.5-20 | 177.00 | 91.09 | 268.09 | OK | |
| r-devel-windows-x86_64 | 1.5-20 | 90.00 | 126.00 | 216.00 | OK | |
| r-patched-linux-x86_64 | 1.5-20 | 67.07 | 76.95 | 144.02 | OK | |
| r-release-linux-x86_64 | 1.5-20 | 66.71 | 77.26 | 143.97 | OK | |
| r-release-macos-arm64 | 1.5-20 | 23.00 | 43.00 | 66.00 | OK | |
| r-release-macos-x86_64 | 1.5-20 | 26.00 | 93.00 | 119.00 | OK | |
| r-release-windows-x86_64 | 1.5-20 | 113.00 | 126.00 | 239.00 | OK | |
| r-oldrel-macos-arm64 | 1.5-20 | 28.00 | 52.00 | 80.00 | NOTE | |
| r-oldrel-macos-x86_64 | 1.5-20 | 25.00 | 97.00 | 122.00 | NOTE | |
| r-oldrel-windows-x86_64 | 1.5-20 | 113.00 | 155.00 | 268.00 | OK |
Version: 1.5-20
Check: installed package size
Result: NOTE
installed size is 6.1Mb
sub-directories of 1Mb or more:
libs 5.1Mb
Flavors: r-oldrel-macos-arm64, r-oldrel-macos-x86_64