Last updated on 2025-07-18 18:51:14 CEST.
Flavor | Version | Tinstall | Tcheck | Ttotal | Status | Flags |
---|---|---|---|---|---|---|
r-devel-linux-x86_64-debian-clang | 0.8.2 | 298.70 | 509.84 | 808.54 | OK | |
r-devel-linux-x86_64-debian-gcc | 0.8.2 | 249.57 | 366.12 | 615.69 | OK | |
r-devel-linux-x86_64-fedora-clang | 0.8.2 | 1189.62 | NOTE | |||
r-devel-linux-x86_64-fedora-gcc | 0.8.2 | 1374.51 | NOTE | |||
r-devel-windows-x86_64 | 0.8.1 | 264.00 | 584.00 | 848.00 | NOTE | |
r-patched-linux-x86_64 | 0.8.1 | 320.00 | 503.44 | 823.44 | NOTE | |
r-release-linux-x86_64 | 0.8.1 | 317.84 | 505.76 | 823.60 | NOTE | |
r-release-macos-arm64 | 0.8.2 | 229.00 | OK | |||
r-release-macos-x86_64 | 0.8.2 | 423.00 | OK | |||
r-release-windows-x86_64 | 0.8.2 | 234.00 | 506.00 | 740.00 | OK | |
r-oldrel-macos-arm64 | 0.8.2 | 260.00 | NOTE | |||
r-oldrel-macos-x86_64 | 0.8.2 | 422.00 | NOTE | |||
r-oldrel-windows-x86_64 | 0.8.2 | 204.00 | 618.00 | 822.00 | NOTE |
Version: 0.8.2
Check: dependencies in R code
Result: NOTE
Namespaces in Imports field not imported from:
‘RcppParallel’ ‘rstantools’ ‘spData’
All declared Imports should be used.
Flavors: r-devel-linux-x86_64-fedora-clang, r-devel-linux-x86_64-fedora-gcc
Version: 0.8.1
Check: DESCRIPTION meta-information
Result: NOTE
Missing dependency on R >= 4.1.0 because package code uses the pipe
|> or function shorthand \(...) syntax added in R 4.1.0.
File(s) using such syntax:
'impacts.R' 'posterior_predict.R'
Flavors: r-devel-windows-x86_64, r-patched-linux-x86_64, r-release-linux-x86_64
Version: 0.8.2
Check: installed package size
Result: NOTE
installed size is 111.8Mb
sub-directories of 1Mb or more:
doc 1.2Mb
libs 109.4Mb
Flavors: r-oldrel-macos-arm64, r-oldrel-macos-x86_64, r-oldrel-windows-x86_64
Version: 0.8.2
Check: for GNU extensions in Makefiles
Result: NOTE
GNU make is a SystemRequirements.
Flavors: r-oldrel-macos-arm64, r-oldrel-macos-x86_64, r-oldrel-windows-x86_64