Last updated on 2025-07-27 06:49:28 CEST.
Flavor | Version | Tinstall | Tcheck | Ttotal | Status | Flags |
---|---|---|---|---|---|---|
r-devel-linux-x86_64-debian-clang | 0.1.9 | 7.12 | 72.26 | 79.38 | NOTE | |
r-devel-linux-x86_64-debian-gcc | 0.1.9 | 5.64 | 49.42 | 55.06 | NOTE | |
r-devel-linux-x86_64-fedora-clang | 0.1.9 | 125.58 | OK | |||
r-devel-linux-x86_64-fedora-gcc | 0.1.9 | 132.03 | OK | |||
r-devel-windows-x86_64 | 0.1.9 | 9.00 | 98.00 | 107.00 | OK | |
r-patched-linux-x86_64 | 0.1.9 | 8.60 | 64.63 | 73.23 | OK | |
r-release-linux-x86_64 | 0.1.9 | 8.09 | 64.19 | 72.28 | OK | |
r-release-macos-arm64 | 0.1.9 | 41.00 | OK | |||
r-release-macos-x86_64 | 0.1.9 | 91.00 | OK | |||
r-release-windows-x86_64 | 0.1.9 | 9.00 | 99.00 | 108.00 | OK | |
r-oldrel-macos-arm64 | 0.1.9 | 42.00 | OK | |||
r-oldrel-macos-x86_64 | 0.1.9 | 82.00 | OK | |||
r-oldrel-windows-x86_64 | 0.1.9 | 13.00 | 111.00 | 124.00 | OK |
Version: 0.1.9
Check: CRAN incoming feasibility
Result: NOTE
Maintainer: ‘Michael Robbins <mrobbins@rand.org>’
The Description field contains
Robbins (2021) <arXiv:2008.02243>.
Please refer to arXiv e-prints via their arXiv DOI <doi:10.48550/arXiv.YYMM.NNNNN>.
Flavors: r-devel-linux-x86_64-debian-clang, r-devel-linux-x86_64-debian-gcc