Last updated on 2025-11-23 05:50:17 CET.
| Flavor | Version | Tinstall | Tcheck | Ttotal | Status | Flags |
|---|---|---|---|---|---|---|
| r-devel-linux-x86_64-debian-clang | 0.2.0 | 3.96 | 46.04 | 50.00 | NOTE | |
| r-devel-linux-x86_64-debian-gcc | 0.2.0 | 3.11 | 36.26 | 39.37 | NOTE | |
| r-devel-linux-x86_64-fedora-clang | 0.2.0 | 74.61 | NOTE | |||
| r-devel-linux-x86_64-fedora-gcc | 0.2.0 | 12.00 | 74.39 | 86.39 | NOTE | |
| r-devel-windows-x86_64 | 0.2.0 | 12.00 | 63.00 | 75.00 | NOTE | |
| r-patched-linux-x86_64 | 0.2.0 | 3.72 | 43.27 | 46.99 | NOTE | |
| r-release-linux-x86_64 | 0.2.0 | 3.40 | 43.74 | 47.14 | NOTE | |
| r-release-macos-arm64 | 0.2.0 | NOTE | ||||
| r-release-macos-x86_64 | 0.2.0 | 4.00 | 68.00 | 72.00 | NOTE | |
| r-release-windows-x86_64 | 0.2.0 | 9.00 | 62.00 | 71.00 | NOTE | |
| r-oldrel-macos-arm64 | 0.2.0 | NOTE | ||||
| r-oldrel-macos-x86_64 | 0.2.0 | 3.00 | 51.00 | 54.00 | NOTE | |
| r-oldrel-windows-x86_64 | 0.2.0 | 13.00 | 74.00 | 87.00 | NOTE |
Version: 0.2.0
Check: Rd files
Result: NOTE
checkRd: (-1) gfonts.Rd:8: Lost braces; missing escapes or markup?
8 | Download Google fonts and generate CSS to use in {rmarkdown} documents and
| ^
checkRd: (-1) gfonts.Rd:9: Lost braces; missing escapes or markup?
9 | {shiny} applications. Some popular fonts are included and ready to use.
| ^
checkRd: (-1) use_pkg_gfont.Rd:5: Lost braces; missing escapes or markup?
5 | \title{Use a Google Font included in {gfonts}}
| ^
Flavors: r-devel-linux-x86_64-debian-clang, r-devel-linux-x86_64-debian-gcc, r-devel-linux-x86_64-fedora-clang, r-devel-linux-x86_64-fedora-gcc, r-devel-windows-x86_64, r-patched-linux-x86_64, r-release-linux-x86_64, r-release-macos-arm64, r-release-macos-x86_64, r-release-windows-x86_64, r-oldrel-macos-arm64, r-oldrel-macos-x86_64, r-oldrel-windows-x86_64