Last updated on 2024-03-28 17:49:29 CET.
Flavor | Version | Tinstall | Tcheck | Ttotal | Status | Flags |
---|---|---|---|---|---|---|
r-devel-linux-x86_64-debian-clang | 0.10.1 | 4.98 | 60.50 | 65.48 | NOTE | |
r-devel-linux-x86_64-debian-gcc | 0.10.1 | 4.34 | 46.38 | 50.72 | NOTE | |
r-devel-linux-x86_64-fedora-clang | 0.10.1 | 83.77 | NOTE | |||
r-devel-linux-x86_64-fedora-gcc | 0.10.1 | 92.62 | NOTE | |||
r-devel-windows-x86_64 | 0.10.1 | 7.00 | 71.00 | 78.00 | OK | |
r-patched-linux-x86_64 | 0.10.1 | 7.23 | 59.52 | 66.75 | NOTE | |
r-release-linux-x86_64 | 0.10.1 | 6.83 | 56.88 | 63.71 | NOTE | |
r-release-macos-arm64 | 0.10.1 | 37.00 | OK | |||
r-release-macos-x86_64 | 0.10.1 | 63.00 | OK | |||
r-release-windows-x86_64 | 0.10.1 | 9.00 | 76.00 | 85.00 | OK | |
r-oldrel-macos-arm64 | 0.10.1 | 44.00 | OK | |||
r-oldrel-windows-x86_64 | 0.10.1 | 10.00 | 79.00 | 89.00 | OK |
Version: 0.10.1
Check: R code for possible problems
Result: NOTE
Found the following assignments to the global environment:
File ‘ggExtra/R/ggMarginalGadget.R’:
assign(plotname, eval(parse(text = origPlot)), envir = .GlobalEnv)
Flavors: r-devel-linux-x86_64-debian-clang, r-devel-linux-x86_64-debian-gcc, r-devel-linux-x86_64-fedora-clang, r-patched-linux-x86_64, r-release-linux-x86_64
Version: 0.10.1
Check: dependencies in R code
Result: NOTE
Namespaces in Imports field not imported from:
‘R6’ ‘scales’ ‘utils’
All declared Imports should be used.
Flavors: r-devel-linux-x86_64-fedora-clang, r-devel-linux-x86_64-fedora-gcc