Last updated on 2025-11-24 05:50:24 CET.
| Flavor | Version | Tinstall | Tcheck | Ttotal | Status | Flags |
|---|---|---|---|---|---|---|
| r-devel-linux-x86_64-debian-clang | 0.5.0 | 5.16 | 92.17 | 97.33 | NOTE | |
| r-devel-linux-x86_64-debian-gcc | 0.5.0 | 3.92 | 66.20 | 70.12 | NOTE | |
| r-devel-linux-x86_64-fedora-clang | 0.5.0 | 23.00 | 122.49 | 145.49 | OK | |
| r-devel-linux-x86_64-fedora-gcc | 0.5.0 | 14.00 | 135.44 | 149.44 | OK | |
| r-devel-windows-x86_64 | 0.5.0 | 10.00 | 84.00 | 94.00 | OK | |
| r-patched-linux-x86_64 | 0.5.0 | 5.91 | 87.17 | 93.08 | OK | |
| r-release-linux-x86_64 | 0.5.0 | 6.04 | 87.35 | 93.39 | OK | |
| r-release-macos-arm64 | 0.5.0 | OK | ||||
| r-release-macos-x86_64 | 0.5.0 | 5.00 | 65.00 | 70.00 | OK | |
| r-release-windows-x86_64 | 0.5.0 | 9.00 | 84.00 | 93.00 | OK | |
| r-oldrel-macos-arm64 | 0.5.0 | OK | ||||
| r-oldrel-macos-x86_64 | 0.5.0 | 4.00 | 55.00 | 59.00 | OK | |
| r-oldrel-windows-x86_64 | 0.5.0 | 11.00 | 105.00 | 116.00 | OK |
Version: 0.5.0
Check: CRAN incoming feasibility
Result: NOTE
Maintainer: ‘Kyla Belisario <kyla_belisario@protonmail.com>’
No Authors@R field in DESCRIPTION.
Please add one, modifying
Authors@R: person(given = "Kyla",
family = "Belisario",
role = c("aut", "cre"),
email = "kyla_belisario@protonmail.com")
as necessary.
Flavors: r-devel-linux-x86_64-debian-clang, r-devel-linux-x86_64-debian-gcc