Last updated on 2025-07-21 18:53:05 CEST.
Flavor | Version | Tinstall | Tcheck | Ttotal | Status | Flags |
---|---|---|---|---|---|---|
r-devel-linux-x86_64-debian-clang | 0.5.0 | 5.63 | 76.70 | 82.33 | NOTE | |
r-devel-linux-x86_64-debian-gcc | 0.5.0 | 3.75 | 54.98 | 58.73 | NOTE | |
r-devel-linux-x86_64-fedora-clang | 0.5.0 | 117.30 | OK | |||
r-devel-linux-x86_64-fedora-gcc | 0.5.0 | 123.18 | OK | |||
r-devel-windows-x86_64 | 0.5.0 | 7.00 | 73.00 | 80.00 | OK | |
r-patched-linux-x86_64 | 0.5.0 | 4.87 | 72.22 | 77.09 | OK | |
r-release-linux-x86_64 | 0.5.0 | 5.16 | 71.82 | 76.98 | OK | |
r-release-macos-arm64 | 0.5.0 | 38.00 | OK | |||
r-release-macos-x86_64 | 0.5.0 | 70.00 | OK | |||
r-release-windows-x86_64 | 0.5.0 | 8.00 | 75.00 | 83.00 | OK | |
r-oldrel-macos-arm64 | 0.5.0 | 39.00 | OK | |||
r-oldrel-macos-x86_64 | 0.5.0 | 59.00 | OK | |||
r-oldrel-windows-x86_64 | 0.5.0 | 11.00 | 94.00 | 105.00 | OK |
Version: 0.5.0
Check: CRAN incoming feasibility
Result: NOTE
Maintainer: ‘Kyla Belisario <kyla_belisario@protonmail.com>’
No Authors@R field in DESCRIPTION.
Please add one, modifying
Authors@R: person(given = "Kyla",
family = "Belisario",
role = c("aut", "cre"),
email = "kyla_belisario@protonmail.com")
as necessary.
Flavors: r-devel-linux-x86_64-debian-clang, r-devel-linux-x86_64-debian-gcc