CRAN Package Check Results for Package ggimage

Last updated on 2025-07-28 06:50:30 CEST.

Flavor Version Tinstall Tcheck Ttotal Status Flags
r-devel-linux-x86_64-debian-clang 0.3.3 7.21 52.60 59.81 NOTE
r-devel-linux-x86_64-debian-gcc 0.3.3 4.78 38.22 43.00 NOTE
r-devel-linux-x86_64-fedora-clang 0.3.3 91.71 NOTE
r-devel-linux-x86_64-fedora-gcc 0.3.3 81.15 NOTE
r-devel-windows-x86_64 0.3.3 10.00 71.00 81.00 NOTE
r-patched-linux-x86_64 0.3.3 6.46 48.48 54.94 NOTE
r-release-linux-x86_64 0.3.3 5.48 49.03 54.51 NOTE
r-release-macos-arm64 0.3.3 27.00 NOTE
r-release-macos-x86_64 0.3.3 47.00 NOTE
r-release-windows-x86_64 0.3.3 8.00 78.00 86.00 NOTE
r-oldrel-macos-arm64 0.3.3 30.00 OK
r-oldrel-macos-x86_64 0.3.3 41.00 OK
r-oldrel-windows-x86_64 0.3.3 11.00 84.00 95.00 OK

Check Details

Version: 0.3.3
Check: DESCRIPTION meta-information
Result: NOTE Missing dependency on R >= 4.1.0 because package code uses the pipe |> or function shorthand \(...) syntax added in R 4.1.0. File(s) using such syntax: ‘geom_phylopic.R’ Flavors: r-devel-linux-x86_64-debian-clang, r-devel-linux-x86_64-debian-gcc, r-devel-linux-x86_64-fedora-clang, r-devel-linux-x86_64-fedora-gcc, r-devel-windows-x86_64, r-patched-linux-x86_64, r-release-linux-x86_64, r-release-macos-arm64, r-release-macos-x86_64, r-release-windows-x86_64