Last updated on 2024-03-28 17:49:29 CET.
Flavor | Version | Tinstall | Tcheck | Ttotal | Status | Flags |
---|---|---|---|---|---|---|
r-devel-linux-x86_64-debian-clang | 0.8.9 | 161.45 | 200.82 | 362.27 | OK | |
r-devel-linux-x86_64-debian-gcc | 0.8.9 | 115.29 | 152.21 | 267.50 | OK | |
r-devel-linux-x86_64-fedora-clang | 0.8.9 | 481.69 | OK | |||
r-devel-linux-x86_64-fedora-gcc | 0.8.9 | 479.13 | OK | |||
r-devel-windows-x86_64 | 0.8.9 | 122.00 | 200.00 | 322.00 | OK | |
r-patched-linux-x86_64 | 0.8.9 | 159.30 | 199.61 | 358.91 | OK | |
r-release-linux-x86_64 | 0.8.9 | 117.69 | 197.31 | 315.00 | OK | |
r-release-macos-arm64 | 0.8.9 | 116.00 | NOTE | |||
r-release-macos-x86_64 | 0.8.9 | 234.00 | NOTE | |||
r-release-windows-x86_64 | 0.8.9 | 153.00 | 246.00 | 399.00 | OK | |
r-oldrel-macos-arm64 | 0.8.9 | 107.00 | NOTE | |||
r-oldrel-windows-x86_64 | 0.8.9 | 146.00 | 225.00 | 371.00 | OK |
Version: 0.8.9
Check: installed package size
Result: NOTE
installed size is 7.0Mb
sub-directories of 1Mb or more:
libs 4.9Mb
Flavors: r-release-macos-arm64, r-release-macos-x86_64, r-oldrel-macos-arm64