Last updated on 2025-07-28 06:50:30 CEST.
Flavor | Version | Tinstall | Tcheck | Ttotal | Status | Flags |
---|---|---|---|---|---|---|
r-devel-linux-x86_64-debian-clang | 2.5.1 | 10.40 | 77.99 | 88.39 | NOTE | |
r-devel-linux-x86_64-debian-gcc | 2.5.2 | 7.14 | 54.95 | 62.09 | OK | |
r-devel-linux-x86_64-fedora-clang | 2.5.2 | 129.18 | OK | |||
r-devel-linux-x86_64-fedora-gcc | 2.5.2 | 138.44 | OK | |||
r-devel-windows-x86_64 | 2.5.2 | 12.00 | 102.00 | 114.00 | OK | |
r-patched-linux-x86_64 | 2.5.1 | 11.35 | 73.76 | 85.11 | NOTE | |
r-release-linux-x86_64 | 2.5.2 | 9.62 | 74.02 | 83.64 | OK | |
r-release-macos-arm64 | 2.5.2 | 47.00 | OK | |||
r-release-macos-x86_64 | 2.5.2 | 119.00 | OK | |||
r-release-windows-x86_64 | 2.5.2 | 14.00 | 117.00 | 131.00 | OK | |
r-oldrel-macos-arm64 | 2.5.2 | 51.00 | OK | |||
r-oldrel-macos-x86_64 | 2.5.2 | 130.00 | OK | |||
r-oldrel-windows-x86_64 | 2.5.2 | 15.00 | 124.00 | 139.00 | OK |
Version: 2.5.1
Check: Rd cross-references
Result: NOTE
Found the following Rd file(s) with Rd \link{} targets missing package
anchors:
AG.Rd: igraph
MAG.Rd: igraph
MRG.Rd: igraph
MSG.Rd: igraph
MarkEqMag.Rd: igraph
MarkEqRcg.Rd: igraph
Max.Rd: igraph
RG.Rd: igraph
RepMarBG.Rd: igraph
RepMarDAG.Rd: igraph
RepMarUG.Rd: igraph
SG.Rd: igraph
ggm.Rd: cliques
grMAT.Rd: igraph
msep.Rd: igraph
null.Rd: Null
plotGraph.Rd: igraph, tkplot, plot.igraph
Please provide package anchors for all Rd \link{} targets not in the
package itself and the base packages.
Flavors: r-devel-linux-x86_64-debian-clang, r-patched-linux-x86_64