Last updated on 2025-04-14 18:50:20 CEST.
Flavor | Version | Tinstall | Tcheck | Ttotal | Status | Flags |
---|---|---|---|---|---|---|
r-devel-linux-x86_64-debian-clang | 0.0.7 | 7.84 | 47.40 | 55.24 | OK | |
r-devel-linux-x86_64-debian-gcc | 0.0.7 | 5.12 | 34.53 | 39.65 | OK | |
r-devel-linux-x86_64-fedora-clang | 0.0.7 | 87.04 | NOTE | |||
r-devel-linux-x86_64-fedora-gcc | 0.0.7 | 82.20 | NOTE | |||
r-devel-windows-x86_64 | 0.0.7 | 8.00 | 65.00 | 73.00 | OK | |
r-patched-linux-x86_64 | 0.0.7 | 7.84 | 45.33 | 53.17 | OK | |
r-release-linux-x86_64 | 0.0.7 | 7.75 | 44.72 | 52.47 | OK | |
r-release-macos-arm64 | 0.0.7 | 31.00 | OK | |||
r-release-macos-x86_64 | 0.0.7 | 47.00 | OK | |||
r-release-windows-x86_64 | 0.0.7 | 13.00 | 71.00 | 84.00 | NOTE | |
r-oldrel-macos-arm64 | 0.0.7 | 28.00 | NOTE | |||
r-oldrel-macos-x86_64 | 0.0.7 | 40.00 | NOTE | |||
r-oldrel-windows-x86_64 | 0.0.7 | 13.00 | 71.00 | 84.00 | NOTE |
Version: 0.0.7
Check: dependencies in R code
Result: NOTE
Namespaces in Imports field not imported from:
‘dplyr’ ‘grDevices’
All declared Imports should be used.
Flavors: r-devel-linux-x86_64-fedora-clang, r-devel-linux-x86_64-fedora-gcc
Version: 0.0.7
Check: LazyData
Result: NOTE
'LazyData' is specified without a 'data' directory
Flavors: r-release-windows-x86_64, r-oldrel-macos-arm64, r-oldrel-macos-x86_64, r-oldrel-windows-x86_64