CRAN Package Check Results for Package ggstream

Last updated on 2025-04-16 06:50:05 CEST.

Flavor Version Tinstall Tcheck Ttotal Status Flags
r-devel-linux-x86_64-debian-clang 0.1.0 3.53 31.86 35.39 OK
r-devel-linux-x86_64-debian-gcc 0.1.0 3.20 23.74 26.94 OK
r-devel-linux-x86_64-fedora-clang 0.1.0 56.69 NOTE
r-devel-linux-x86_64-fedora-gcc 0.1.0 53.82 NOTE
r-devel-windows-x86_64 0.1.0 5.00 50.00 55.00 OK
r-patched-linux-x86_64 0.1.0 4.25 30.44 34.69 OK
r-release-linux-x86_64 0.1.0 3.57 30.92 34.49 OK
r-release-macos-arm64 0.1.0 19.00 OK
r-release-macos-x86_64 0.1.0 36.00 OK
r-release-windows-x86_64 0.1.0 6.00 49.00 55.00 OK
r-oldrel-macos-arm64 0.1.0 21.00 OK
r-oldrel-macos-x86_64 0.1.0 38.00 OK
r-oldrel-windows-x86_64 0.1.0 7.00 54.00 61.00 OK

Check Details

Version: 0.1.0
Check: dependencies in R code
Result: NOTE Namespace in Imports field not imported from: ‘tidyr’ All declared Imports should be used. Flavors: r-devel-linux-x86_64-fedora-clang, r-devel-linux-x86_64-fedora-gcc