Last updated on 2024-03-28 17:49:29 CET.
Flavor | Version | Tinstall | Tcheck | Ttotal | Status | Flags |
---|---|---|---|---|---|---|
r-devel-linux-x86_64-debian-clang | 3.5.0 | 12.04 | 164.30 | 176.34 | OK | |
r-devel-linux-x86_64-debian-gcc | 3.5.0 | 13.66 | 119.56 | 133.22 | OK | |
r-devel-linux-x86_64-fedora-clang | 3.5.0 | 235.35 | NOTE | |||
r-devel-linux-x86_64-fedora-gcc | 3.5.0 | 225.31 | OK | |||
r-devel-windows-x86_64 | 3.5.0 | 17.00 | 148.00 | 165.00 | OK | |
r-patched-linux-x86_64 | 3.5.0 | 23.16 | 158.25 | 181.41 | OK | |
r-release-linux-x86_64 | 3.4.2 | 3.12 | 2.35 | 5.47 | ERROR | |
r-release-macos-arm64 | 3.5.0 | 61.00 | OK | |||
r-release-macos-x86_64 | 3.5.0 | 147.00 | OK | |||
r-release-windows-x86_64 | 3.5.0 | 21.00 | 182.00 | 203.00 | OK | |
r-oldrel-macos-arm64 | 3.5.0 | 61.00 | OK | |||
r-oldrel-windows-x86_64 | 3.5.0 | 23.00 | 165.00 | 188.00 | OK |
Version: 3.5.0
Check: Rd cross-references
Result: NOTE
Undeclared package ‘chemometrics’ in Rd xrefs
Flavor: r-devel-linux-x86_64-fedora-clang
Version: 3.4.2
Check: whether package can be installed
Result: ERROR
Installation failed.
Flavor: r-release-linux-x86_64