CRAN Package Check Results for Package ghypernet

Last updated on 2025-10-27 05:50:13 CET.

Flavor Version Tinstall Tcheck Ttotal Status Flags
r-devel-linux-x86_64-debian-clang 1.1.0 30.19 216.29 246.48 NOTE
r-devel-linux-x86_64-debian-gcc 1.1.0 17.28 146.37 163.65 NOTE
r-devel-linux-x86_64-fedora-clang 1.1.0 115.00 265.11 380.11 NOTE
r-devel-linux-x86_64-fedora-gcc 1.1.0 83.00 303.17 386.17 NOTE
r-devel-windows-x86_64 1.1.0 29.00 254.00 283.00 OK
r-patched-linux-x86_64 1.1.0 29.39 204.82 234.21 OK
r-release-linux-x86_64 1.1.0 30.91 203.80 234.71 OK
r-release-macos-arm64 1.1.0 16.00 162.00 178.00 OK
r-release-macos-x86_64 1.1.0 24.00 191.00 215.00 OK
r-release-windows-x86_64 1.1.0 30.00 281.00 311.00 OK
r-oldrel-macos-arm64 1.1.0 11.00 89.00 100.00 OK
r-oldrel-macos-x86_64 1.1.0 19.00 148.00 167.00 OK
r-oldrel-windows-x86_64 1.1.0 40.00 293.00 333.00 OK

Check Details

Version: 1.1.0
Check: CRAN incoming feasibility
Result: NOTE Maintainer: ‘Giona Casiraghi <giona@ethz.ch>’ The Description field contains Schweitzer, F. (2016) <arXiv:1607.02441>. Casiraghi, G., Nanumyan, V., Casiraghi, G., (2017) <arXiv:1702.02048> Brandenberger, L., Casiraghi, Please refer to arXiv e-prints via their arXiv DOI <doi:10.48550/arXiv.YYMM.NNNNN>. Flavors: r-devel-linux-x86_64-debian-clang, r-devel-linux-x86_64-debian-gcc

Version: 1.1.0
Check: dependencies in R code
Result: NOTE Namespace in Imports field not imported from: ‘methods’ All declared Imports should be used. Flavors: r-devel-linux-x86_64-fedora-clang, r-devel-linux-x86_64-fedora-gcc