Last updated on 2025-10-31 17:50:17 CET.
| Flavor | Version | Tinstall | Tcheck | Ttotal | Status | Flags | 
|---|---|---|---|---|---|---|
| r-devel-linux-x86_64-debian-clang | 0.8.0 | 2.71 | 53.11 | 55.82 | NOTE | |
| r-devel-linux-x86_64-debian-gcc | 0.8.0 | 2.26 | 42.30 | 44.56 | NOTE | |
| r-devel-linux-x86_64-fedora-clang | 0.8.0 | 82.98 | OK | |||
| r-devel-linux-x86_64-fedora-gcc | 0.8.0 | 10.00 | 85.12 | 95.12 | OK | |
| r-devel-windows-x86_64 | 0.8.0 | 4.00 | 180.00 | 184.00 | OK | |
| r-patched-linux-x86_64 | 0.8.0 | 3.35 | 51.08 | 54.43 | OK | |
| r-release-linux-x86_64 | 0.8.0 | 3.00 | 51.32 | 54.32 | OK | |
| r-release-macos-arm64 | 0.8.0 | 2.00 | 48.00 | 50.00 | OK | |
| r-release-macos-x86_64 | 0.8.0 | 3.00 | 71.00 | 74.00 | OK | |
| r-release-windows-x86_64 | 0.8.0 | 4.00 | 179.00 | 183.00 | OK | |
| r-oldrel-macos-arm64 | 0.8.0 | 2.00 | 48.00 | 50.00 | NOTE | |
| r-oldrel-macos-x86_64 | 0.8.0 | 2.00 | 63.00 | 65.00 | NOTE | |
| r-oldrel-windows-x86_64 | 0.8.0 | 6.00 | 225.00 | 231.00 | NOTE | 
Version: 0.8.0
Check: CRAN incoming feasibility
Result: NOTE
  Maintainer: ‘John Muschelli <muschellij2@gmail.com>’
  
  No Authors@R field in DESCRIPTION.
  Please add one, modifying
    Authors@R: person(given = "John",
                      family = "Muschelli",
                      role = c("aut", "cre"),
                      email = "muschellij2@gmail.com")
  as necessary.
Flavors: r-devel-linux-x86_64-debian-clang, r-devel-linux-x86_64-debian-gcc
Version: 0.8.0
Check: LazyData
Result: NOTE
    'LazyData' is specified without a 'data' directory
Flavors: r-oldrel-macos-arm64, r-oldrel-macos-x86_64, r-oldrel-windows-x86_64