Last updated on 2024-03-28 17:49:29 CET.
Flavor | Version | Tinstall | Tcheck | Ttotal | Status | Flags |
---|---|---|---|---|---|---|
r-devel-linux-x86_64-debian-clang | 0.8.0 | 4.05 | 61.73 | 65.78 | NOTE | |
r-devel-linux-x86_64-debian-gcc | 0.8.0 | 3.22 | 49.26 | 52.48 | NOTE | |
r-devel-linux-x86_64-fedora-clang | 0.8.0 | 80.73 | NOTE | |||
r-devel-linux-x86_64-fedora-gcc | 0.8.0 | 94.12 | NOTE | |||
r-devel-windows-x86_64 | 0.8.0 | 4.00 | 345.00 | 349.00 | NOTE | |
r-patched-linux-x86_64 | 0.8.0 | 3.49 | 60.20 | 63.69 | NOTE | |
r-release-linux-x86_64 | 0.8.0 | 4.26 | 61.66 | 65.92 | NOTE | |
r-release-macos-arm64 | 0.8.0 | 45.00 | NOTE | |||
r-release-macos-x86_64 | 0.8.0 | 60.00 | NOTE | |||
r-release-windows-x86_64 | 0.8.0 | 6.00 | 196.00 | 202.00 | NOTE | |
r-oldrel-macos-arm64 | 0.8.0 | 39.00 | NOTE | |||
r-oldrel-windows-x86_64 | 0.8.0 | 5.00 | 361.00 | 366.00 | NOTE |
Version: 0.8.0
Check: LazyData
Result: NOTE
'LazyData' is specified without a 'data' directory
Flavors: r-devel-linux-x86_64-debian-clang, r-devel-linux-x86_64-debian-gcc, r-devel-linux-x86_64-fedora-clang, r-devel-linux-x86_64-fedora-gcc, r-devel-windows-x86_64, r-patched-linux-x86_64, r-release-linux-x86_64, r-release-macos-arm64, r-release-macos-x86_64, r-release-windows-x86_64, r-oldrel-macos-arm64, r-oldrel-windows-x86_64