Last updated on 2024-07-23 18:58:59 CEST.
Flavor | Version | Tinstall | Tcheck | Ttotal | Status | Flags |
---|---|---|---|---|---|---|
r-devel-linux-x86_64-debian-clang | 0.83.0 | 57.91 | 48.93 | 106.84 | OK | |
r-devel-linux-x86_64-debian-gcc | 0.83.0 | 41.09 | 36.81 | 77.90 | OK | |
r-devel-linux-x86_64-fedora-clang | 0.83.0 | 218.48 | OK | |||
r-devel-linux-x86_64-fedora-gcc | 0.83.0 | 157.83 | OK | |||
r-devel-windows-x86_64 | 0.83.0 | 70.00 | 78.00 | 148.00 | OK | |
r-patched-linux-x86_64 | 0.83.0 | 58.40 | 47.85 | 106.25 | OK | |
r-release-linux-x86_64 | 0.83.0 | 49.55 | 47.05 | 96.60 | OK | |
r-release-macos-arm64 | 0.83.0 | 39.00 | NOTE | |||
r-release-macos-x86_64 | 0.83.0 | 50.00 | NOTE | |||
r-release-windows-x86_64 | 0.83.0 | 70.00 | 75.00 | 145.00 | OK | |
r-oldrel-macos-arm64 | 0.83.0 | 40.00 | NOTE | |||
r-oldrel-macos-x86_64 | 0.83.0 | 67.00 | NOTE | |||
r-oldrel-windows-x86_64 | 0.83.0 | 73.00 | 87.00 | 160.00 | NOTE |
Version: 0.83.0
Check: package dependencies
Result: NOTE
Packages suggested but not available for checking:
'BSgenome.Hsapiens.UCSC.hg18.masked',
'BSgenome.Hsapiens.UCSC.hg19.masked'
Flavors: r-release-macos-arm64, r-release-macos-x86_64, r-oldrel-macos-arm64, r-oldrel-macos-x86_64, r-oldrel-windows-x86_64