CRAN Package Check Results for Package glober

Last updated on 2025-11-23 05:50:18 CET.

Flavor Version Tinstall Tcheck Ttotal Status Flags
r-devel-linux-x86_64-debian-clang 1.0 12.08 122.02 134.10 NOTE
r-devel-linux-x86_64-debian-gcc 1.0 9.24 97.00 106.24 NOTE
r-devel-linux-x86_64-fedora-clang 1.0 36.00 172.69 208.69 OK
r-devel-linux-x86_64-fedora-gcc 1.0 28.00 179.77 207.77 OK
r-devel-windows-x86_64 1.0 20.00 112.00 132.00 OK
r-patched-linux-x86_64 1.0 10.78 110.57 121.35 OK
r-release-linux-x86_64 1.0 11.51 111.77 123.28 OK
r-release-macos-arm64 1.0 OK
r-release-macos-x86_64 1.0 10.00 97.00 107.00 OK
r-release-windows-x86_64 1.0 15.00 113.00 128.00 OK
r-oldrel-macos-arm64 1.0 OK
r-oldrel-macos-x86_64 1.0 8.00 83.00 91.00 OK
r-oldrel-windows-x86_64 1.0 18.00 141.00 159.00 OK

Check Details

Version: 1.0
Check: CRAN incoming feasibility
Result: NOTE Maintainer: ‘Mary E. Savino <mary.savino@outlook.fr>’ No Authors@R field in DESCRIPTION. Please add one, modifying Authors@R: c(person(given = c("M.", "E."), family = "Savino", role = "aut"), person(given = c("Mary", "E."), family = "Savino", role = "cre", email = "mary.savino@outlook.fr")) as necessary. The Description field contains Lévy-Leduc, C. (2023), <arXiv:2306.00686>. Please refer to arXiv e-prints via their arXiv DOI <doi:10.48550/arXiv.YYMM.NNNNN>. Flavors: r-devel-linux-x86_64-debian-clang, r-devel-linux-x86_64-debian-gcc