Last updated on 2024-04-23 06:56:57 CEST.
Flavor | Version | Tinstall | Tcheck | Ttotal | Status | Flags |
---|---|---|---|---|---|---|
r-devel-linux-x86_64-debian-clang | 1.8 | 12.09 | 112.32 | 124.41 | NOTE | |
r-devel-linux-x86_64-debian-gcc | 1.8 | 8.95 | 81.76 | 90.71 | NOTE | |
r-devel-linux-x86_64-fedora-clang | 1.8 | 151.59 | NOTE | |||
r-devel-linux-x86_64-fedora-gcc | 1.8 | 165.69 | NOTE | |||
r-prerel-macos-arm64 | 1.8 | 51.00 | NOTE | |||
r-prerel-windows-x86_64 | 1.8 | 14.00 | 132.00 | 146.00 | NOTE | |
r-patched-linux-x86_64 | 1.8 | 13.54 | 105.16 | 118.70 | NOTE | |
r-release-linux-x86_64 | 1.8 | 11.70 | 106.69 | 118.39 | OK | |
r-release-macos-arm64 | 1.8 | 72.00 | OK | |||
r-release-macos-x86_64 | 1.8 | 158.00 | OK | |||
r-release-windows-x86_64 | 1.8 | 15.00 | 145.00 | 160.00 | OK | |
r-oldrel-macos-arm64 | 1.8 | 58.00 | OK | |||
r-oldrel-windows-x86_64 | 1.8 | 15.00 | 144.00 | 159.00 | OK |
Version: 1.8
Check: Rd files
Result: NOTE
checkRd: (-1) ATEgel.Rd:24: Lost braces
24 | \item{g}{A formula as \code{y~z}, where code{y} is the response and
| ^
Flavors: r-devel-linux-x86_64-debian-clang, r-devel-linux-x86_64-debian-gcc, r-devel-linux-x86_64-fedora-clang, r-devel-linux-x86_64-fedora-gcc, r-prerel-macos-arm64, r-prerel-windows-x86_64, r-patched-linux-x86_64