CRAN Package Check Results for Package gontr

Last updated on 2025-07-27 18:51:22 CEST.

Flavor Version Tinstall Tcheck Ttotal Status Flags
r-devel-linux-x86_64-debian-clang 1.1.0 5.89 19.17 25.06 NOTE
r-devel-linux-x86_64-debian-gcc 1.1.0 5.03 16.78 21.81 NOTE
r-devel-linux-x86_64-fedora-clang 1.1.0 37.24 OK
r-devel-linux-x86_64-fedora-gcc 1.1.0 35.67 OK
r-devel-windows-x86_64 1.1.0 7.00 38.00 45.00 OK
r-patched-linux-x86_64 1.1.0 5.40 18.41 23.81 OK
r-release-linux-x86_64 1.1.0 5.24 18.30 23.54 OK
r-release-macos-arm64 1.1.0 20.00 OK
r-release-macos-x86_64 1.1.0 31.00 OK
r-release-windows-x86_64 1.1.0 8.00 41.00 49.00 OK
r-oldrel-macos-arm64 1.1.0 17.00 OK
r-oldrel-macos-x86_64 1.1.0 26.00 OK
r-oldrel-windows-x86_64 1.1.0 7.00 38.00 45.00 OK

Check Details

Version: 1.1.0
Check: CRAN incoming feasibility
Result: NOTE Maintainer: ‘Kalifa Manjang <kalifamanjang1@gmail.com>’ No Authors@R field in DESCRIPTION. Please add one, modifying Authors@R: person(given = "Kalifa", family = "Manjang", role = c("aut", "cre"), email = "kalifamanjang1@gmail.com") as necessary. Flavors: r-devel-linux-x86_64-debian-clang, r-devel-linux-x86_64-debian-gcc